000
CDUS45 KREV 070039
CLIRNO


CLIMATE REPORT
NATIONAL WEATHER SERVICE RENO NV
538 PM PDT WED MAY 6 2015


...................................

...THE RENO TAHOE AIRPORT NV CLIMATE SUMMARY FOR MAY 6 2015...
VALID TODAY AS OF 0500 PM LOCAL TIME.

CLIMATE NORMAL PERIOD 1981 TO 2010
CLIMATE RECORD PERIOD 1888 TO 2015


WEATHER ITEM   OBSERVED TIME   RECORD YEAR NORMAL DEPARTURE LAST
                VALUE   (LST)  VALUE       VALUE  FROM      YEAR
                                                  NORMAL
..................................................................
TEMPERATURE (F)
 TODAY
  MAXIMUM         65   1229 PM  87    1989  70     -5       60
                                      1987
  MINIMUM         44    509 AM  19    1896  43      1       43
  AVERAGE         55                        57     -2       52

PRECIPITATION (IN)
  TODAY            0.01          0.45 1921   0.02  -0.01     0.01
  MONTH TO DATE    0.01                      0.10  -0.09     0.01
  SINCE OCT 1      3.28                      5.74  -2.46     2.43
  SINCE JAN 1      1.86                      3.38  -1.52     1.47

SNOWFALL (IN)
  TODAY            0.0           0.6  1964   0.0    0.0      0.0
  MONTH TO DATE    0.0                       0.1   -0.1      0.0
  SINCE MAR 1      T                         2.6   -2.6       T
  SINCE JUL 1      2.7                      21.6  -18.9      6.2
  SNOW DEPTH       0

DEGREE DAYS
 HEATING
  TODAY           10                         9      1       13
  MONTH TO DATE   14                        57    -43       23
  SINCE MAR 1    782                      1081   -299      847
  SINCE JUL 1   3647                      4719  -1072     4431

 COOLING
  TODAY            0                         0      0        0
  MONTH TO DATE    3                         0      3        5
  SINCE MAR 1      3                         1      2        5
  SINCE JAN 1      3                         1      2        5
..................................................................


WIND (MPH)
  RESULTANT WIND SPEED   5   RESULTANT WIND DIRECTION   N (350)
  HIGHEST WIND SPEED    35   HIGHEST WIND DIRECTION     N (340)
  HIGHEST GUST SPEED    44   HIGHEST GUST DIRECTION    NW (320)
  AVERAGE WIND SPEED     8.7



WEATHER CONDITIONS
 THE FOLLOWING WEATHER WAS RECORDED TODAY.
  LIGHT RAIN


RELATIVE HUMIDITY (PERCENT)
 HIGHEST    76           400 PM
 LOWEST     23          1200 PM
 AVERAGE    50

..........................................................


THE RENO TAHOE AIRPORT NV CLIMATE NORMALS FOR TOMORROW
                         NORMAL    RECORD    YEAR
 MAXIMUM TEMPERATURE (F)   71        89      1954
 MINIMUM TEMPERATURE (F)   43        20      1950


SUNRISE AND SUNSET
MAY  6 2015...........SUNRISE   554 AM PDT   SUNSET   758 PM PDT
MAY  7 2015...........SUNRISE   553 AM PDT   SUNSET   759 PM PDT


-  INDICATES NEGATIVE NUMBERS.
R  INDICATES RECORD WAS SET OR TIED.
MM INDICATES DATA IS MISSING.
T  INDICATES TRACE AMOUNT.




$$
