000
CDUS42 KCHS 192126
CLISAV


CLIMATE REPORT
NATIONAL WEATHER SERVICE CHARLESTON SC
524 PM EDT SUN APR 19 2015


...................................

...THE SAVANNAH GA CLIMATE SUMMARY FOR APRIL 19 2015...
VALID TODAY AS OF 500 PM LOCAL TIME.

CLIMATE NORMAL PERIOD 1981 TO 2010
CLIMATE RECORD PERIOD 1871 TO 2015


WEATHER ITEM   OBSERVED TIME   RECORD YEAR NORMAL DEPARTURE LAST
                VALUE   (LST)  VALUE       VALUE  FROM      YEAR
                                                  NORMAL
..................................................................
TEMPERATURE (F)
 TODAY
  MAXIMUM         81    135 PM  92    1968  78      3       64
  MINIMUM         68    359 PM  35    1983  54     14       54
  AVERAGE         75                        66      9       59

PRECIPITATION (IN)
  TODAY            0.77          3.40 1991   0.10   0.67     0.09
  MONTH TO DATE    2.42                      2.04   0.38     5.30
  SINCE MAR 1      4.44                      5.77  -1.33     7.95
  SINCE JAN 1     12.00                     12.25  -0.25    12.06

SNOWFALL (IN)
  TODAY            0.0                       0.0    0.0
  SINCE MAR 1      0.0                       T      0.0
  SINCE JUL 1      0.0                       0.3   -0.3

DEGREE DAYS
 HEATING
  TODAY            0                         2     -2        6
  MONTH TO DATE    7                        60    -53       35
  SINCE MAR 1    151                       270   -119      299
  SINCE JUL 1   1686                      1787   -101     1680

 COOLING
  TODAY           10                         3      7        0
  MONTH TO DATE  138                        48     90       54
  SINCE MAR 1    196                        80    116       66
  SINCE JAN 1    201                        90    111       84
..................................................................


WIND (MPH)
  HIGHEST WIND SPEED    26   HIGHEST WIND DIRECTION    SW (210)
  HIGHEST GUST SPEED    32   HIGHEST GUST DIRECTION    SW (210)
  AVERAGE WIND SPEED     7.2


SKY COVER
  POSSIBLE SUNSHINE  MM
  AVERAGE SKY COVER 0.8


WEATHER CONDITIONS
 THE FOLLOWING WEATHER WAS RECORDED TODAY.
  THUNDERSTORM
  HEAVY RAIN
  RAIN
  LIGHT RAIN
  FOG


RELATIVE HUMIDITY (PERCENT)
 HIGHEST    97           500 AM
 LOWEST     69           100 PM
 AVERAGE    83

..........................................................


THE SAVANNAH GA CLIMATE NORMALS FOR TOMORROW
                         NORMAL    RECORD    YEAR
 MAXIMUM TEMPERATURE (F)   79        94      1925
 MINIMUM TEMPERATURE (F)   55        34      1983


SUNRISE AND SUNSET
APRIL 19 2015.........SUNRISE   652 AM EDT   SUNSET   757 PM EDT
APRIL 20 2015.........SUNRISE   650 AM EDT   SUNSET   758 PM EDT


-  INDICATES NEGATIVE NUMBERS.
R  INDICATES RECORD WAS SET OR TIED.
MM INDICATES DATA IS MISSING.
T  INDICATES TRACE AMOUNT.

$$
