000
CDUS43 KLMK 020640
CLISDF


CLIMATE REPORT
NATIONAL WEATHER SERVICE LOUISVILLE KY
240 AM EDT THU APR 2 2015


...................................

...THE LOUISVILLE KY CLIMATE SUMMARY FOR APRIL 1 2015...

CLIMATE NORMAL PERIOD 1981 TO 2010
CLIMATE RECORD PERIOD 1871 TO 2015


WEATHER ITEM   OBSERVED TIME   RECORD YEAR NORMAL DEPARTURE LAST
                VALUE   (LST)  VALUE       VALUE  FROM      YEAR
                                                  NORMAL
..................................................................
TEMPERATURE (F)
 YESTERDAY
  MAXIMUM         70    457 PM  85    1963  64      6       80
  MINIMUM         43    702 AM  22    1923  43      0       55
  AVERAGE         57                        53      4       68

PRECIPITATION (IN)
  YESTERDAY        0.00          4.08 1970   0.13  -0.13     0.10
  MONTH TO DATE    0.00                      0.13  -0.13     0.10
  SINCE MAR 1      7.80                      4.30   3.50     2.40
  SINCE JAN 1     10.90                     10.72   0.18     8.56

SNOWFALL (IN)
  YESTERDAY        0.0           1.0  1962   0.0    0.0      0.0
  MONTH TO DATE    0.0                       0.0    0.0      0.0
  SINCE MAR 1     11.9                       1.4   10.5      4.1
  SINCE JUL 1     27.6                      12.4   15.2     25.9
  SNOW DEPTH       0

DEGREE DAYS
 HEATING
  YESTERDAY        8                        12     -4        0
  MONTH TO DATE    8                        12     -4        0
  SINCE MAR 1    574                       550     24      648
  SINCE JUL 1   4194                      3791    403     4302

 COOLING
  YESTERDAY        0                         1     -1        3
  MONTH TO DATE    0                         1     -1        3
  SINCE MAR 1      1                         7     -6        3
  SINCE JAN 1      1                         7     -6        3
..................................................................


WIND (MPH)
  HIGHEST WIND SPEED    16   HIGHEST WIND DIRECTION    SE (140)
  HIGHEST GUST SPEED    19   HIGHEST GUST DIRECTION    SE (150)
  AVERAGE WIND SPEED     6.3


SKY COVER
  POSSIBLE SUNSHINE  MM
  AVERAGE SKY COVER 0.4


WEATHER CONDITIONS
 THE FOLLOWING WEATHER WAS RECORDED YESTERDAY.
  NO SIGNIFICANT WEATHER WAS OBSERVED.


RELATIVE HUMIDITY (PERCENT)
 HIGHEST    71           800 AM
 LOWEST     25           300 PM
 AVERAGE    48

..........................................................


THE LOUISVILLE KY CLIMATE NORMALS FOR TODAY
                         NORMAL    RECORD    YEAR
 MAXIMUM TEMPERATURE (F)   64        87      1946
 MINIMUM TEMPERATURE (F)   43        25      1961


SUNRISE AND SUNSET
APRIL  2 2015.........SUNRISE   727 AM EDT   SUNSET   807 PM EDT
APRIL  3 2015.........SUNRISE   725 AM EDT   SUNSET   808 PM EDT


-  INDICATES NEGATIVE NUMBERS.
R  INDICATES RECORD WAS SET OR TIED.
MM INDICATES DATA IS MISSING.
T  INDICATES TRACE AMOUNT.




$$
