000
CDUS44 KSJT 070651
CLISJT


CLIMATE REPORT
NATIONAL WEATHER SERVICE SAN ANGELO TX
151 AM CDT THU MAY 7 2015


...................................

...THE SAN ANGELO CLIMATE SUMMARY FOR MAY 6 2015...

CLIMATE NORMAL PERIOD 1981 TO 2010
CLIMATE RECORD PERIOD 1907 TO 2015


WEATHER ITEM   OBSERVED TIME   RECORD YEAR NORMAL DEPARTURE LAST
                VALUE   (LST)  VALUE       VALUE  FROM      YEAR
                                                  NORMAL
..................................................................
TEMPERATURE (F)
 YESTERDAY
  MAXIMUM         88    201 PM 104    2000  85      3      103
                                      1984
  MINIMUM         64    624 AM  41    1991  59      5       68
                                      1924
  AVERAGE         76                        72      4       86

PRECIPITATION (IN)
  YESTERDAY        0.00          1.49 1926   0.07  -0.07     0.00
  MONTH TO DATE    0.29                      0.42  -0.13     0.00
  SINCE MAR 1      3.77                      3.34   0.43     0.46
  SINCE JAN 1      6.03                      5.62   0.41     0.52

DEGREE DAYS
 HEATING
  YESTERDAY        0                         1     -1        0
  MONTH TO DATE    0                         6     -6        7
  SINCE MAR 1    330                       351    -21      356
  SINCE JUL 1   2177                      2312   -135     2476

 COOLING
  YESTERDAY       11                         8      3       21
  MONTH TO DATE   44                        42      2       61
  SINCE MAR 1    238                       193     45      311
  SINCE JAN 1    240                       198     42      314
..................................................................


WIND (MPH)
  HIGHEST WIND SPEED    26   HIGHEST WIND DIRECTION     S (170)
  HIGHEST GUST SPEED    35   HIGHEST GUST DIRECTION     S (180)
  AVERAGE WIND SPEED    11.9


SKY COVER
  POSSIBLE SUNSHINE  MM
  AVERAGE SKY COVER 0.3


WEATHER CONDITIONS
 THE FOLLOWING WEATHER WAS RECORDED YESTERDAY.
  NO SIGNIFICANT WEATHER WAS OBSERVED.


RELATIVE HUMIDITY (PERCENT)
 HIGHEST    93           400 AM
 LOWEST     43           200 PM
 AVERAGE    68

..........................................................


THE SAN ANGELO CLIMATE NORMALS FOR TODAY
                         NORMAL    RECORD    YEAR
 MAXIMUM TEMPERATURE (F)   86       103      2011
                                             2000
 MINIMUM TEMPERATURE (F)   59        37      1982


SUNRISE AND SUNSET
MAY  7 2015...........SUNRISE   652 AM CDT   SUNSET   825 PM CDT
MAY  8 2015...........SUNRISE   651 AM CDT   SUNSET   826 PM CDT


-  INDICATES NEGATIVE NUMBERS.
R  INDICATES RECORD WAS SET OR TIED.
MM INDICATES DATA IS MISSING.
T  INDICATES TRACE AMOUNT.




$$
