000
CDUS46 KSGX 181418
CLISNA


CLIMATE REPORT
NATIONAL WEATHER SERVICE SAN DIEGO, CA
717 AM PDT SAT APR 18 2015


...................................

...THE JOHN WAYNE AIRPORT CA CLIMATE SUMMARY FOR APRIL 17 2015...

CLIMATE NORMAL PERIOD 1981 TO 2010
CLIMATE RECORD PERIOD 1999 TO 2015


WEATHER ITEM   OBSERVED TIME   RECORD YEAR NORMAL DEPARTURE LAST
                VALUE   (LST)  VALUE       VALUE  FROM      YEAR
                                                  NORMAL
..................................................................
TEMPERATURE (F)
 YESTERDAY
  MAXIMUM         80    133 PM  84    1999  69     11       69
  MINIMUM         55    539 AM  49    2009  54      1       60
                                      2001
  AVERAGE         68                        62      6       65

PRECIPITATION (IN)
  YESTERDAY        0.00          0.59 2000   0.03  -0.03     0.00
  MONTH TO DATE    0.01                      0.47  -0.46     0.19
  SINCE OCT 1      5.75                     12.31  -6.56     3.39
  SINCE JAN 1      1.95                      8.23  -6.28     2.46

SNOWFALL (IN)
  YESTERDAY        0.0
  MONTH TO DATE    0.0
  SINCE MAR 1      0.0
  SINCE JUL 1      0.0
  SNOW DEPTH       0

DEGREE DAYS
 HEATING
  YESTERDAY        0                         4     -4        0
  MONTH TO DATE   32                        77    -45       36
  SINCE MAR 1     57                       258   -201      105
  SINCE JUL 1    282                      1164   -882      595

 COOLING
  YESTERDAY        3                         0      3        0
  MONTH TO DATE   15                         0     15       30
  SINCE MAR 1    120                         7    113       50
  SINCE JAN 1    192                        15    177       77
..................................................................


WIND (MPH)
  RESULTANT WIND SPEED   3   RESULTANT WIND DIRECTION  SW (240)
  HIGHEST WIND SPEED    15   HIGHEST WIND DIRECTION     W (260)
  HIGHEST GUST SPEED    21   HIGHEST GUST DIRECTION     W (280)
  AVERAGE WIND SPEED     3.9


SKY COVER
  POSSIBLE SUNSHINE  MM
  AVERAGE SKY COVER 0.0


WEATHER CONDITIONS
 THE FOLLOWING WEATHER WAS RECORDED YESTERDAY.
  NO SIGNIFICANT WEATHER WAS OBSERVED.


RELATIVE HUMIDITY (PERCENT)
 HIGHEST    60          1000 PM
 LOWEST     12           100 PM
 AVERAGE    36

..........................................................


THE JOHN WAYNE AIRPORT CA CLIMATE NORMALS FOR TODAY
                         NORMAL    RECORD    YEAR
 MAXIMUM TEMPERATURE (F)   69        85      1999
 MINIMUM TEMPERATURE (F)   54        50      2006


SUNRISE AND SUNSET
APRIL 18 2015.........SUNRISE   618 AM PDT   SUNSET   725 PM PDT
APRIL 19 2015.........SUNRISE   616 AM PDT   SUNSET   725 PM PDT


-  INDICATES NEGATIVE NUMBERS.
R  INDICATES RECORD WAS SET OR TIED.
MM INDICATES DATA IS MISSING.
T  INDICATES TRACE AMOUNT.




$$
