000
CDUS45 KPIH 060733
CLISNT


CLIMATE REPORT
NATIONAL WEATHER SERVICE POCATELLO ID
132 AM MDT WED MAY 6 2015


...................................

...THE STANLEY ID CLIMATE SUMMARY FOR MAY 5 2015...

CLIMATE NORMAL PERIOD 1981 TO 2010
CLIMATE RECORD PERIOD 1916 TO 2015


WEATHER ITEM   OBSERVED TIME   RECORD YEAR NORMAL DEPARTURE LAST
                VALUE   (LST)  VALUE       VALUE  FROM      YEAR
                                                  NORMAL
..................................................................
TEMPERATURE (F)
 YESTERDAY
  MAXIMUM         MM        MM  78    1966  54     MM       50
  MINIMUM         29    354 AM   8    1982  25      4       28
  AVERAGE         MM                        40     MM       39

PRECIPITATION (IN)
  YESTERDAY       MM             0.37 2005   0.06  MM        0.00
  MONTH TO DATE    0.00                      0.27  -0.27     0.04
  SINCE OCT 1     12.25                     11.96   0.29    15.43
  SINCE JAN 1      5.54                      7.11  -1.57    11.82

SNOWFALL (IN)
  YESTERDAY       MM
  MONTH TO DATE   MM
  SINCE MAR 1     MM
  SINCE JUL 1     MM
  SNOW DEPTH      MM

DEGREE DAYS
 HEATING
  YESTERDAY       MM                        25     MM       26
  MONTH TO DATE   80                       130    -50      110
  SINCE MAR 1   1845                      2256   -411     2222
  SINCE JUL 1   8223                      9790  -1567     9390

 COOLING
  YESTERDAY       MM                         0     MM        0
  MONTH TO DATE    0                         0      0        0
  SINCE MAR 1      0                         0      0        0
  SINCE JAN 1      0                         0      0        0
..................................................................


WIND (MPH)
  HIGHEST WIND SPEED    12   HIGHEST WIND DIRECTION    NW (310)
  HIGHEST GUST SPEED    17   HIGHEST GUST DIRECTION    NW (300)
  AVERAGE WIND SPEED     1.7


SKY COVER
  POSSIBLE SUNSHINE  MM
  AVERAGE SKY COVER 0.0


WEATHER CONDITIONS
 THE FOLLOWING WEATHER WAS RECORDED YESTERDAY.
  NO SIGNIFICANT WEATHER WAS OBSERVED.


RELATIVE HUMIDITY (PERCENT)
 HIGHEST    85           400 AM
 LOWEST     24           600 PM
 AVERAGE    55

..........................................................


THE STANLEY ID CLIMATE NORMALS FOR TODAY
                         NORMAL    RECORD    YEAR
 MAXIMUM TEMPERATURE (F)   55        76      1992
 MINIMUM TEMPERATURE (F)   26         8      1982


SUNRISE AND SUNSET
MAY  6 2015...........SUNRISE   624 AM MDT   SUNSET   849 PM MDT
MAY  7 2015...........SUNRISE   623 AM MDT   SUNSET   850 PM MDT


-  INDICATES NEGATIVE NUMBERS.
R  INDICATES RECORD WAS SET OR TIED.
MM INDICATES DATA IS MISSING.
T  INDICATES TRACE AMOUNT.




$$
