000
CDUS44 KOUN 280631 RRA
CLISPS

CLIMATE REPORT
NATIONAL WEATHER SERVICE NORMAN OK
129 AM CDT TUE APR 28 2015


...................................

...THE WICHITA FALLS CLIMATE SUMMARY FOR APRIL 27 2015...

CLIMATE NORMAL PERIOD 1981 TO 2010
CLIMATE RECORD PERIOD 1897 TO 2015


WEATHER ITEM   OBSERVED TIME   RECORD YEAR NORMAL DEPARTURE LAST
                VALUE   (LST)  VALUE       VALUE  FROM      YEAR
                                                  NORMAL
..................................................................
TEMPERATURE (F)
 YESTERDAY
  MAXIMUM         65    116 PM  95    2012  79    -14       85
                                      1959
  MINIMUM         50   1159 PM  39    1973  53     -3       67
  AVERAGE         58                        66     -8       76

PRECIPITATION (IN)
  YESTERDAY        1.55          3.33 1900   0.11   1.44     0.01
  MONTH TO DATE    3.73                      2.26   1.47     1.49
  SINCE JAN 1      8.11                      7.35   0.76     4.02

SNOWFALL (IN)
  YESTERDAY        0.0                       0.0    0.0      0.0
  MONTH TO DATE    0.0                       0.0    0.0       T
  SINCE JUL 1      6.5                       3.9    2.6      5.0
  SNOW DEPTH       0

DEGREE DAYS
 HEATING
  YESTERDAY        7                         3      4        0
  MONTH TO DATE   82                       137    -55      111
  SINCE JUL 1   2864                      2940    -76     3329

 COOLING
  YESTERDAY        0                         3     -3       11
  MONTH TO DATE   63                        58      5       88
  SINCE JAN 1     80                        80      0      104
..................................................................


WIND (MPH)
  HIGHEST WIND SPEED    29   HIGHEST WIND DIRECTION     E (100)
  HIGHEST GUST SPEED    36   HIGHEST GUST DIRECTION     E (80)
  AVERAGE WIND SPEED    16.9


SKY COVER
  AVERAGE SKY COVER 1.0


WEATHER CONDITIONS
 THE FOLLOWING WEATHER WAS RECORDED YESTERDAY.
  THUNDERSTORM
  HEAVY RAIN
  RAIN
  LIGHT RAIN
  HAIL
  FOG


RELATIVE HUMIDITY (PERCENT)
 HIGHEST    97           600 AM
 LOWEST     78           400 PM
 AVERAGE    88

..........................................................


THE WICHITA FALLS CLIMATE NORMALS FOR TODAY
                         NORMAL    RECORD    YEAR
 MAXIMUM TEMPERATURE (F)   79        92      1933
 MINIMUM TEMPERATURE (F)   54        39      1979


SUNRISE AND SUNSET
APRIL 28 2015.........SUNRISE   648 AM CDT   SUNSET   815 PM CDT
APRIL 29 2015.........SUNRISE   647 AM CDT   SUNSET   816 PM CDT


-  INDICATES NEGATIVE NUMBERS.
R  INDICATES RECORD WAS SET OR TIED.
MM INDICATES DATA IS MISSING.
T  INDICATES TRACE AMOUNT.




$$
