000
CDUS42 KTBW 050833
CLISRQ


CLIMATE REPORT
NATIONAL WEATHER SERVICE TAMPA BAY FL
430 AM EDT TUE MAY 5 2015


...................................

...THE SARASOTA BRADENTON CLIMATE SUMMARY FOR MAY 4 2015...

CLIMATE NORMAL PERIOD 1981 TO 2010
CLIMATE RECORD PERIOD 1911 TO 2015


WEATHER ITEM   OBSERVED TIME   RECORD YEAR NORMAL DEPARTURE LAST
                VALUE   (LST)  VALUE       VALUE  FROM      YEAR
                                                  NORMAL
..................................................................
TEMPERATURE (F)
 YESTERDAY
  MAXIMUM         85    200 PM  94    1991  84      1       84
  MINIMUM         61    609 AM  48    1929  65     -4       58
  AVERAGE         73                        74     -1       71

PRECIPITATION (IN)
  YESTERDAY        T             1.32 1949   0.07  -0.07     0.00
  MONTH TO DATE    T                         0.25  -0.25     3.98
  SINCE MAR 1      2.64                      6.55  -3.91    11.69
  SINCE JAN 1      7.52                     11.74  -4.22    15.31

DEGREE DAYS
 HEATING
  YESTERDAY        0                         0      0        0
  MONTH TO DATE    0                         0      0        0
  SINCE MAR 1     13                        59    -46       37
  SINCE JUL 1    470                       477     -7      345

 COOLING
  YESTERDAY        8                         9     -1        6
  MONTH TO DATE   32                        36     -4       38
  SINCE MAR 1    588                       329    259      340
  SINCE JAN 1    657                       433    224      456
..................................................................


WIND (MPH)
  HIGHEST WIND SPEED    25   HIGHEST WIND DIRECTION     E (90)
  HIGHEST GUST SPEED    30   HIGHEST GUST DIRECTION     E (90)
  AVERAGE WIND SPEED    11.5


SKY COVER
  POSSIBLE SUNSHINE  MM
  AVERAGE SKY COVER 0.2


WEATHER CONDITIONS
 THE FOLLOWING WEATHER WAS RECORDED YESTERDAY.
  LIGHT RAIN


RELATIVE HUMIDITY (PERCENT)
 HIGHEST    90           500 AM
 LOWEST     33           500 PM

..........................................................


THE SARASOTA BRADENTON CLIMATE NORMALS FOR TODAY
                         NORMAL    RECORD    YEAR
 MAXIMUM TEMPERATURE (F)   84        92      2002
 MINIMUM TEMPERATURE (F)   65        49      1971


SUNRISE AND SUNSET
MAY  5 2015...........SUNRISE   648 AM EDT   SUNSET   806 PM EDT
MAY  6 2015...........SUNRISE   648 AM EDT   SUNSET   806 PM EDT


-  INDICATES NEGATIVE NUMBERS.
R  INDICATES RECORD WAS SET OR TIED.
MM INDICATES DATA IS MISSING.
T  INDICATES TRACE AMOUNT.




$$


&&
------------------------------------------------------------------
******************** SUPPLEMENTAL DATA ***************************

...GULF WATER TEMPERATURE AT NEW PASS 76
