000
CDUS43 KFSD 060632
CLISUX


CLIMATE REPORT
NATIONAL WEATHER SERVICE SIOUX FALLS SD
132 AM CDT WED MAY 6 2015


...................................

...THE SIOUX CITY IA CLIMATE SUMMARY FOR MAY 5 2015...

CLIMATE NORMAL PERIOD 1981 TO 2010
CLIMATE RECORD PERIOD 1889 TO 2015


WEATHER ITEM   OBSERVED TIME   RECORD YEAR NORMAL DEPARTURE LAST
                VALUE   (LST)  VALUE       VALUE  FROM      YEAR
                                                  NORMAL
..................................................................
TEMPERATURE (F)
 YESTERDAY
  MAXIMUM         77    402 PM  95    2004  70      7       74
  MINIMUM         54    552 AM  28    1944  45      9       42
  AVERAGE         66                        57      9       58

PRECIPITATION (IN)
  YESTERDAY        0.04          0.98 2001   0.11  -0.07     0.00
  MONTH TO DATE    0.27                      0.57  -0.30      T
  SINCE MAR 1      3.68                      5.52  -1.84     2.45
  SINCE JAN 1      4.64                      6.81  -2.17     3.22

SNOWFALL (IN)
  YESTERDAY        0.0           T    1989   0.0    0.0      0.0
  MONTH TO DATE    0.0                       0.1   -0.1      0.0
  SINCE MAR 1      T                         8.4   -8.4     10.0
  SINCE JUL 1     21.5                      34.9  -13.4     23.8
  SNOW DEPTH       0

DEGREE DAYS
 HEATING
  YESTERDAY        0                         9     -9        7
  MONTH TO DATE   10                        47    -37       63
  SINCE MAR 1   1085                      1405   -320     1508
  SINCE JUL 1   6251                      6699   -448     7112

 COOLING
  YESTERDAY        1                         1      0        0
  MONTH TO DATE    8                         5      3        0
  SINCE MAR 1      9                        16     -7        9
  SINCE JAN 1      9                        16     -7        9
..................................................................


WIND (MPH)
  HIGHEST WIND SPEED    17   HIGHEST WIND DIRECTION     S (160)
  HIGHEST GUST SPEED    21   HIGHEST GUST DIRECTION     S (170)
  AVERAGE WIND SPEED     9.1


SKY COVER
  POSSIBLE SUNSHINE  MM
  AVERAGE SKY COVER 0.6


WEATHER CONDITIONS
 THE FOLLOWING WEATHER WAS RECORDED YESTERDAY.
  THUNDERSTORM
  LIGHT RAIN
  FOG
  HAZE


RELATIVE HUMIDITY (PERCENT)
 HIGHEST    93           600 AM
 LOWEST     56           400 PM
 AVERAGE    75

..........................................................


THE SIOUX CITY IA CLIMATE NORMALS FOR TODAY
                         NORMAL    RECORD    YEAR
 MAXIMUM TEMPERATURE (F)   70       100      1934
 MINIMUM TEMPERATURE (F)   45        26      1944


SUNRISE AND SUNSET
MAY  6 2015...........SUNRISE   614 AM CDT   SUNSET   831 PM CDT
MAY  7 2015...........SUNRISE   613 AM CDT   SUNSET   832 PM CDT


-  INDICATES NEGATIVE NUMBERS.
R  INDICATES RECORD WAS SET OR TIED.
MM INDICATES DATA IS MISSING.
T  INDICATES TRACE AMOUNT.




$$
