000
CDUS46 KPQR 171144
CLITTD


CLIMATE REPORT
NATIONAL WEATHER SERVICE PORTLAND OREGON
443 AM PDT FRI APR 17 2015


...................................

...THE TROUTDALE OR CLIMATE SUMMARY FOR APRIL 16 2015...

CLIMATE NORMAL PERIOD 1981 TO 2010
CLIMATE RECORD PERIOD 1948 TO 2015


WEATHER ITEM   OBSERVED TIME   RECORD YEAR NORMAL DEPARTURE LAST
                VALUE   (LST)  VALUE       VALUE  FROM      YEAR
                                                  NORMAL
..................................................................
TEMPERATURE (F)
 YESTERDAY
  MAXIMUM         73    414 PM  80    1951  62     11       60
  MINIMUM         36    602 AM  33    1995  41     -5       49
  AVERAGE         55                        51      4       55

PRECIPITATION (IN)
  YESTERDAY        0.00                      0.13  -0.13     0.10
  MONTH TO DATE    1.85                      2.14  -0.29     0.94
  SINCE OCT 1     27.17                     36.45  -9.28    20.15
  SINCE JAN 1     12.21                     18.05  -5.84    12.56

DEGREE DAYS
 HEATING
  YESTERDAY       10                        14     -4       10
  MONTH TO DATE  244                       232     12      172

 COOLING
  YESTERDAY        0                         0      0        0
  MONTH TO DATE    0                         0      0        0
..................................................................


WIND (MPH)
  HIGHEST WIND SPEED    10   HIGHEST WIND DIRECTION     E (110)
  HIGHEST GUST SPEED    13   HIGHEST GUST DIRECTION     E (110)
  AVERAGE WIND SPEED     2.4


SKY COVER
  POSSIBLE SUNSHINE  MM
  AVERAGE SKY COVER 0.0


WEATHER CONDITIONS
 THE FOLLOWING WEATHER WAS RECORDED YESTERDAY.
  NO SIGNIFICANT WEATHER WAS OBSERVED.


RELATIVE HUMIDITY (PERCENT)
 HIGHEST    92           400 AM
 LOWEST     34           300 PM
 AVERAGE    63

..........................................................


THE TROUTDALE OR CLIMATE NORMALS FOR TODAY
                         NORMAL    RECORD    YEAR
 MAXIMUM TEMPERATURE (F)   62        79      1983
 MINIMUM TEMPERATURE (F)   41        31      2011
                                             1977


SUNRISE AND SUNSET
APRIL 17 2015.........SUNRISE   621 AM PDT   SUNSET   758 PM PDT
APRIL 18 2015.........SUNRISE   619 AM PDT   SUNSET   800 PM PDT


-  INDICATES NEGATIVE NUMBERS.
R  INDICATES RECORD WAS SET OR TIED.
MM INDICATES DATA IS MISSING.
T  INDICATES TRACE AMOUNT.




$$
