000
CDUS44 KTSA 190709
CLITUL

CLIMATE REPORT
NATIONAL WEATHER SERVICE TULSA OK
209 AM CDT SUN APR 19 2015


...................................

...THE TULSA OKLAHOMA CLIMATE SUMMARY FOR APRIL 18 2015...

CLIMATE NORMAL PERIOD 1981 TO 2010
CLIMATE RECORD PERIOD 1882 TO 2015


WEATHER ITEM   OBSERVED TIME   RECORD YEAR NORMAL DEPARTURE LAST
                VALUE   (LST)  VALUE       VALUE  FROM      YEAR
                                                  NORMAL
..................................................................
TEMPERATURE (F)
 YESTERDAY
  MAXIMUM         76    444 PM  98    1925  73      3       75
  MINIMUM         59   1159 PM  29    1953  50      9       36
  AVERAGE         68                        61      7       56

PRECIPITATION (IN)
  YESTERDAY        1.24          2.61 1941   0.13   1.11     0.00
  MONTH TO DATE    2.88                      2.01   0.87     0.56
  SINCE MAR 1      6.59                      5.30   1.29     2.92
  SINCE JAN 1      8.91                      8.81   0.10     3.37

SNOWFALL (IN)
  YESTERDAY        0.0                                       0.0
  MONTH TO DATE    0.0                                        T
  SINCE MAR 1      0.3                                       2.4
  SINCE JUL 1      8.5                                      12.4

DEGREE DAYS
 HEATING
  YESTERDAY        0                         6     -6        9
  MONTH TO DATE   66                       138    -72      163
  SINCE MAR 1    447                       576   -129      725
  SINCE JUL 1   3462                      3487    -25     4026

 COOLING
  YESTERDAY        3                         2      1        0
  MONTH TO DATE   53                        25     28       17
  SINCE MAR 1     66                        36     30       18
  SINCE JAN 1     66                        37     29       18
..................................................................


WIND (MPH)
  HIGHEST WIND SPEED    25   HIGHEST WIND DIRECTION    SW (240)
  HIGHEST GUST SPEED    32   HIGHEST GUST DIRECTION    SW (240)
  AVERAGE WIND SPEED     7.7


SKY COVER
  POSSIBLE SUNSHINE  MM
  AVERAGE SKY COVER 0.9


WEATHER CONDITIONS
 THE FOLLOWING WEATHER WAS RECORDED YESTERDAY.
  THUNDERSTORM
  HEAVY RAIN
  RAIN
  LIGHT RAIN
  FOG


RELATIVE HUMIDITY (PERCENT)
 HIGHEST   100           700 AM
 LOWEST     53           600 PM
 AVERAGE    77

..........................................................


THE TULSA OKLAHOMA CLIMATE NORMALS FOR TODAY
                         NORMAL    RECORD    YEAR
 MAXIMUM TEMPERATURE (F)   73        94      1987
 MINIMUM TEMPERATURE (F)   50        34      2013
                                             1953


SUNRISE AND SUNSET
APRIL 19 2015.........SUNRISE   645 AM CDT   SUNSET   801 PM CDT
APRIL 20 2015.........SUNRISE   644 AM CDT   SUNSET   802 PM CDT


-  INDICATES NEGATIVE NUMBERS.
R  INDICATES RECORD WAS SET OR TIED.
MM INDICATES DATA IS MISSING.
T  INDICATES TRACE AMOUNT.




$$

&&
...........................................................

THE TULSA PRECIPITATION NORMALS FOR TODAY
                       NORMAL    RECORD      YEAR
  TODAY                 0.13      2.52       1917
  MONTH TO DATE         2.14
  YEAR TO DATE          8.94
...........................................................
ALL DATA MEASURED AT THE TULSA INTERNATIONAL AIRPORT...
EXCEPT SNOWFALL...WHICH IS MEASURED AT THE NWS OFFICE.
