000
CDUS44 KMEG 032151
CLITUP


CLIMATE REPORT
NATIONAL WEATHER SERVICE MEMPHIS TN
450 PM CDT SUN MAY 3 2015


...................................

...THE TUPELO CLIMATE SUMMARY FOR MAY 3 2015...
VALID TODAY AS OF 0400 PM LOCAL TIME.

CLIMATE NORMAL PERIOD 1981 TO 2010
CLIMATE RECORD PERIOD 1930 TO 2015


WEATHER ITEM   OBSERVED TIME   RECORD YEAR NORMAL DEPARTURE LAST
                VALUE   (LST)  VALUE       VALUE  FROM      YEAR
                                                  NORMAL
..................................................................
TEMPERATURE (F)
 TODAY
  MAXIMUM         83    317 PM  90    1952  79      4       81
  MINIMUM         50    521 AM  36    1971  56     -6       47
  AVERAGE         67                        67      0       64

PRECIPITATION (IN)
  TODAY            0.00          4.10 2002   0.18  -0.18     0.00
  MONTH TO DATE    0.00                      0.57  -0.57     0.00
  SINCE MAR 1     14.16                     10.17   3.99     9.68
  SINCE JAN 1     23.32                     19.61   3.71    15.77

SNOWFALL (IN)
  TODAY            0.0

DEGREE DAYS
 HEATING
  TODAY            0                         2     -2        1
  MONTH TO DATE   10                         6      4       15
  SINCE MAR 1    424                       507    -83      620
  SINCE JUL 1   3142                      2938    204     3450

 COOLING
  TODAY            2                         4     -2        0
  MONTH TO DATE    2                        11     -9        0
  SINCE MAR 1     78                        85     -7       42
  SINCE JAN 1     78                        87     -9       42
..................................................................


WIND (MPH)
  HIGHEST WIND SPEED    15   HIGHEST WIND DIRECTION     S (200)
  HIGHEST GUST SPEED    19   HIGHEST GUST DIRECTION    SW (220)
  AVERAGE WIND SPEED     4.4


SKY COVER
  POSSIBLE SUNSHINE  MM
  AVERAGE SKY COVER 0.0


WEATHER CONDITIONS
 THE FOLLOWING WEATHER WAS RECORDED TODAY.
  NO SIGNIFICANT WEATHER WAS OBSERVED.


RELATIVE HUMIDITY (PERCENT)
 HIGHEST    89           100 AM
 LOWEST     28           100 PM
 AVERAGE    59

..........................................................


THE TUPELO CLIMATE NORMALS FOR TOMORROW
                         NORMAL    RECORD    YEAR
 MAXIMUM TEMPERATURE (F)   79        93      1959
 MINIMUM TEMPERATURE (F)   56        30      1976


SUNRISE AND SUNSET
MAY  3 2015...........SUNRISE   604 AM CDT   SUNSET   741 PM CDT
MAY  4 2015...........SUNRISE   603 AM CDT   SUNSET   741 PM CDT


-  INDICATES NEGATIVE NUMBERS.
R  INDICATES RECORD WAS SET OR TIED.
MM INDICATES DATA IS MISSING.
T  INDICATES TRACE AMOUNT.




$$
