000
CDUS44 KJAN 012208
CLITVR


CLIMATE REPORT
NATIONAL WEATHER SERVICE JACKSON MS
507 PM CDT WED APR 1 2015


...................................

...THE VICKSBURG CLIMATE SUMMARY FOR APRIL 1 2015...
VALID AS OF 0500 PM LOCAL TIME.

CLIMATE NORMAL PERIOD 1981 TO 2010
CLIMATE RECORD PERIOD 1948 TO 2015


WEATHER ITEM   OBSERVED TIME   RECORD YEAR NORMAL DEPARTURE LAST
                VALUE   (LST)  VALUE       VALUE  FROM      YEAR
                                                  NORMAL
..................................................................
TEMPERATURE (F)
 TODAY
  MAXIMUM         82    327 PM  87    1966  73      9       80
                                      1963
  MINIMUM         60    354 AM  34    1994  49     11       57
  AVERAGE         71

PRECIPITATION (IN)
  TODAY            0.00          1.03 1977   0.18  -0.18     0.00
  MONTH TO DATE    0.00                      0.18  -0.18     0.00
  SINCE MAR 1      4.24                      5.21  -0.97     5.93
  SINCE JAN 1     15.49                     15.55  -0.06    11.35

..................................................................










-  INDICATES NEGATIVE NUMBERS.
R  INDICATES RECORD WAS SET OR TIED.
MM INDICATES DATA IS MISSING.
T  INDICATES TRACE AMOUNT.




$$
