000
CDUS43 KUNR 270831
CLIUNR


CLIMATE REPORT
NATIONAL WEATHER SERVICE RAPID CITY SD
231 AM MDT MON APR 27 2015


...................................

...THE EAST RAPID CITY SD CLIMATE SUMMARY FOR APRIL 26 2015...

CLIMATE NORMAL PERIOD 1981 TO 2010
CLIMATE RECORD PERIOD 1888 TO 2015


WEATHER ITEM   OBSERVED RECORD YEAR NORMAL DEPARTURE LAST
                VALUE   VALUE       VALUE  FROM      YEAR
                                           NORMAL
...........................................................
TEMPERATURE (F)
 YESTERDAY
  MAXIMUM         50     88    1952  60    -10       67
  MINIMUM         42     21    1950  38      4       46
  AVERAGE         46                 49     -3       57

PRECIPITATION (IN)
  YESTERDAY        0.11   0.71 1971   0.09   0.02     0.10
  MONTH TO DATE    0.83               1.71  -0.88     0.78
  SINCE MAR 1      0.93               2.70  -1.77     1.91
  SINCE JAN 1      1.48               3.47  -1.99     2.42

SNOWFALL (IN)
  YESTERDAY        0.0    5.4  2009   0.2   -0.2      0.0
  MONTH TO DATE    T                  8.0   -8.0      7.8
  SINCE MAR 1      1.4               19.8  -18.4     22.2
  SINCE JUL 1     37.1               46.5   -9.4     72.3
  SNOW DEPTH       0

DEGREE DAYS
 HEATING
  YESTERDAY       19                 16      3        8
  MONTH TO DATE  460                542    -82      501
  SINCE MAR 1   1085               1450   -365     1521
  SINCE JUL 1   5781               6404   -623     6869

 COOLING
  YESTERDAY        0                  0      0        0
  MONTH TO DATE    0                  0      0        0
  SINCE MAR 1      6                  0      6        0
  SINCE JAN 1      6                  0      6        0
...........................................................


WIND (MPH)
  HIGHEST GUST SPEED    18   HIGHEST GUST DIRECTION    NW (320)



WEATHER CONDITIONS
 THE FOLLOWING WEATHER WAS RECORDED YESTERDAY.
  LIGHT RAIN


..........................................................


THE EAST RAPID CITY SD CLIMATE NORMALS FOR TODAY
                         NORMAL    RECORD    YEAR
 MAXIMUM TEMPERATURE (F)   60        89      1910
 MINIMUM TEMPERATURE (F)   38        18      1956


SUNRISE AND SUNSET
APRIL 27 2015.........SUNRISE   551 AM MDT   SUNSET   751 PM MDT
APRIL 28 2015.........SUNRISE   549 AM MDT   SUNSET   752 PM MDT


-  INDICATES NEGATIVE NUMBERS.
R  INDICATES RECORD WAS SET OR TIED.
MM INDICATES DATA IS MISSING.
T  INDICATES TRACE AMOUNT.




$$
