000
CDUS43 KSGF 012228
CLIVIH


CLIMATE REPORT
NATIONAL WEATHER SERVICE SPRINGFIELD MO
527 PM CDT WED APR 1 2015


...................................

...THE VICHY-ROLLA MO CLIMATE SUMMARY FOR APRIL 1 2015...
VALID TODAY AS OF 0500 PM LOCAL TIME.

CLIMATE NORMAL PERIOD 1981 TO 2010
CLIMATE RECORD PERIOD 1888 TO 2015


WEATHER ITEM   OBSERVED TIME   RECORD YEAR NORMAL DEPARTURE LAST
                VALUE   (LST)  VALUE       VALUE  FROM      YEAR
                                                  NORMAL
..................................................................
TEMPERATURE (F)
 TODAY
  MAXIMUM         76    123 PM  87    2012  62     14       55
  MINIMUM         52    602 AM  17    1899  39     13       37
  AVERAGE         64                        51     13       46

PRECIPITATION (IN)
  TODAY            T             0.88 1945   0.13  -0.13     0.15
  MONTH TO DATE    T                         0.13  -0.13     0.15
  SINCE MAR 1      3.02                      3.58  -0.56     0.86
  SINCE JAN 1      5.30                      7.68  -2.38     2.32

DEGREE DAYS
 COOLING
  TODAY            0                         0      0        0
  MONTH TO DATE    0                         0      0        0
  SINCE MAR 1      0                         4     -4        0
  SINCE JAN 1      0                         4     -4        0
..................................................................


WIND (MPH)
  HIGHEST WIND SPEED    22   HIGHEST WIND DIRECTION     S (180)
  HIGHEST GUST SPEED    29   HIGHEST GUST DIRECTION     S (180)


SKY COVER
  AVERAGE SKY COVER 0.1


WEATHER CONDITIONS
 THE FOLLOWING WEATHER WAS RECORDED TODAY.
  LIGHT RAIN


RELATIVE HUMIDITY (PERCENT)
 HIGHEST    50           600 AM
 LOWEST     29          1100 AM
 AVERAGE    40

..........................................................


THE VICHY-ROLLA MO CLIMATE NORMALS FOR TOMORROW
                         NORMAL    RECORD    YEAR
 MAXIMUM TEMPERATURE (F)   63        89      2012
 MINIMUM TEMPERATURE (F)   40        24      1992


SUNRISE AND SUNSET
APRIL  1 2015.........SUNRISE   653 AM CDT   SUNSET   730 PM CDT
APRIL  2 2015.........SUNRISE   651 AM CDT   SUNSET   731 PM CDT


-  INDICATES NEGATIVE NUMBERS.
R  INDICATES RECORD WAS SET OR TIED.
MM INDICATES DATA IS MISSING.
T  INDICATES TRACE AMOUNT.




$$
