000
CDUS43 KSGF 250627
CLIVIH


CLIMATE REPORT
NATIONAL WEATHER SERVICE SPRINGFIELD MO
127 AM CDT SAT APR 25 2015


...................................

...THE VICHY-ROLLA MO CLIMATE SUMMARY FOR APRIL 24 2015...

CLIMATE NORMAL PERIOD 1981 TO 2010
CLIMATE RECORD PERIOD 1888 TO 2015


WEATHER ITEM   OBSERVED TIME   RECORD YEAR NORMAL DEPARTURE LAST
                VALUE   (LST)  VALUE       VALUE  FROM      YEAR
                                                  NORMAL
..................................................................
TEMPERATURE (F)
 YESTERDAY
  MAXIMUM         60    102 PM  88    1965  69     -9       75
  MINIMUM         50    154 AM  29    1956  47      3       51
  AVERAGE         55                        58     -3       63

PRECIPITATION (IN)
  YESTERDAY        0.00          2.46 1975   0.16  -0.16     0.72
  MONTH TO DATE    2.06                      3.30  -1.24     2.91
  SINCE MAR 1      5.08                      6.75  -1.67     3.62
  SINCE JAN 1      7.36                     10.85  -3.49     5.08

DEGREE DAYS
 HEATING
  YESTERDAY       10                         8      2        2
  MONTH TO DATE  175                       271    -96      256
  SINCE MAR 1    787                       885    -98     1007
  SINCE JUL 1   4904                      4675    229     5313

 COOLING
  YESTERDAY        0                         1     -1        0
  MONTH TO DATE   13                        18     -5        8
  SINCE MAR 1     13                        22     -9        8
  SINCE JAN 1     13                        22     -9        8
..................................................................


WIND (MPH)
  HIGHEST WIND SPEED    26   HIGHEST WIND DIRECTION     S (160)
  HIGHEST GUST SPEED    36   HIGHEST GUST DIRECTION     S (170)
  AVERAGE WIND SPEED    15.5


SKY COVER
  AVERAGE SKY COVER 0.7


WEATHER CONDITIONS
 THE FOLLOWING WEATHER WAS RECORDED YESTERDAY.
  NO SIGNIFICANT WEATHER WAS OBSERVED.


RELATIVE HUMIDITY (PERCENT)
 HIGHEST    96          1100 PM
 LOWEST     40           900 AM
 AVERAGE    68

..........................................................


THE VICHY-ROLLA MO CLIMATE NORMALS FOR TODAY
                         NORMAL    RECORD    YEAR
 MAXIMUM TEMPERATURE (F)   69        86      2012
 MINIMUM TEMPERATURE (F)   47        34      2013


SUNRISE AND SUNSET
APRIL 25 2015.........SUNRISE   618 AM CDT   SUNSET   752 PM CDT
APRIL 26 2015.........SUNRISE   617 AM CDT   SUNSET   753 PM CDT


-  INDICATES NEGATIVE NUMBERS.
R  INDICATES RECORD WAS SET OR TIED.
MM INDICATES DATA IS MISSING.
T  INDICATES TRACE AMOUNT.




$$
