000
CDUS42 KTAE 040636
CLIVLD


CLIMATE REPORT
NATIONAL WEATHER SERVICE TALLAHASSEE FL
236 AM EDT MON MAY 4 2015


...................................

...THE VALDOSTA CLIMATE SUMMARY FOR MAY 3 2015...

CLIMATE NORMAL PERIOD 1981 TO 2010
CLIMATE RECORD PERIOD 1948 TO 2015


WEATHER ITEM   OBSERVED TIME   NORMAL DEPARTURE LAST
                VALUE   (LST)  VALUE  FROM      YEAR
                                      NORMAL
......................................................
TEMPERATURE (F)
 YESTERDAY
  MAXIMUM         83    422 PM  84     -1       80
  MINIMUM         52    615 AM  57     -5       56
  AVERAGE         68            70     -2       68

PRECIPITATION (IN)
  YESTERDAY        0.00          0.05  -0.05     0.03
  MONTH TO DATE    0.00          0.15  -0.15     0.55
  SINCE MAR 1      7.34          7.89  -0.55    13.60
  SINCE JAN 1     16.50         16.62  -0.12    19.74

DEGREE DAYS
 COOLING
  YESTERDAY        3             6     -3        3
  MONTH TO DATE    3            17    -14        6
  SINCE MAR 1    300           142    158      212
  SINCE JAN 1    304           152    152      244
......................................................


WIND (MPH)
  HIGHEST WIND SPEED    12   HIGHEST WIND DIRECTION     S (160)
  HIGHEST GUST SPEED    16   HIGHEST GUST DIRECTION    SE (140)
  AVERAGE WIND SPEED     2.7




RELATIVE HUMIDITY (PERCENT)
 HIGHEST   100
 LOWEST     30
 AVERAGE    65

..........................................................




SUNRISE AND SUNSET
MAY  4 2015...........SUNRISE   647 AM EDT   SUNSET   814 PM EDT
MAY  5 2015...........SUNRISE   646 AM EDT   SUNSET   814 PM EDT


-  INDICATES NEGATIVE NUMBERS.
R  INDICATES RECORD WAS SET OR TIED.
MM INDICATES DATA IS MISSING.
T  INDICATES TRACE AMOUNT.




$$
