000
CDUS46 KPQR 011145
CLIVUO


CLIMATE REPORT
NATIONAL WEATHER SERVICE PORTLAND OREGON
445 AM PDT WED APR 1 2015


...................................

...THE VANCOUVER WA CLIMATE SUMMARY FOR MARCH 31 2015...

CLIMATE NORMAL PERIOD 1981 TO 2010
CLIMATE RECORD PERIOD 1891 TO 2015


WEATHER ITEM   OBSERVED TIME   RECORD YEAR NORMAL DEPARTURE LAST
                VALUE   (LST)  VALUE       VALUE  FROM      YEAR
                                                  NORMAL
..................................................................
TEMPERATURE (F)
 YESTERDAY
  MAXIMUM         54    226 PM  78    1911  59     -5       61
  MINIMUM         44   1156 PM  25    1896  41      3       34
  AVERAGE         49                        50     -1       48

PRECIPITATION (IN)
  YESTERDAY        0.11                      0.10   0.01     0.30
  MONTH TO DATE    4.78                      3.57   1.21     6.52
  SINCE OCT 1     27.09                     28.85  -1.76    18.88
  SINCE JAN 1     12.20                     13.10  -0.90    13.41

DEGREE DAYS
 HEATING
  YESTERDAY       16                                        17
  MONTH TO DATE  432                                       519
  SINCE JUL 1   3084                                      3982

 COOLING
  YESTERDAY        0                                         0
  MONTH TO DATE    0                                         0
  SINCE JAN 1      0                                         0
..................................................................


WIND (MPH)
  HIGHEST WIND SPEED    20   HIGHEST WIND DIRECTION    NW (300)
  HIGHEST GUST SPEED    28   HIGHEST GUST DIRECTION     W (290)
  AVERAGE WIND SPEED     4.9


SKY COVER
  POSSIBLE SUNSHINE  MM
  AVERAGE SKY COVER 0.5


WEATHER CONDITIONS
 THE FOLLOWING WEATHER WAS RECORDED YESTERDAY.
  THUNDERSTORM
  LIGHT RAIN
  FOG


RELATIVE HUMIDITY (PERCENT)
 HIGHEST    82           900 PM
 LOWEST     59           100 PM
 AVERAGE    71

..........................................................




SUNRISE AND SUNSET
APRIL  1 2015.........SUNRISE   651 AM PDT   SUNSET   739 PM PDT
APRIL  2 2015.........SUNRISE   649 AM PDT   SUNSET   740 PM PDT


-  INDICATES NEGATIVE NUMBERS.
R  INDICATES RECORD WAS SET OR TIED.
MM INDICATES DATA IS MISSING.
T  INDICATES TRACE AMOUNT.




$$
