000
CDUS41 KAKQ 250535
CLIWAL


CLIMATE REPORT
NATIONAL WEATHER SERVICE WAKEFIELD, VA
134 AM EDT SAT APR 25 2015


...................................

...THE WALLOPS ISLAND VA CLIMATE SUMMARY FOR APRIL 24 2015...

CLIMATE NORMAL PERIOD 1981 TO 2010
CLIMATE RECORD PERIOD 1963 TO 2015


WEATHER ITEM   OBSERVED TIME   RECORD YEAR NORMAL DEPARTURE
                VALUE   (LST)  VALUE       VALUE  FROM
                                                  NORMAL
...............................................................
TEMPERATURE (F)
 YESTERDAY
  MAXIMUM         57    455 PM  85    2011  65     -8
  MINIMUM         39    436 AM  36    2003  47     -8
  AVERAGE         48                        56     -8

PRECIPITATION (IN)
  YESTERDAY        0.00          1.44        0.09  -0.09
  MONTH TO DATE    3.23                      2.54   0.69
  SINCE MAR 1      6.61                      6.54   0.07
  SINCE JAN 1     14.40                     12.34   2.06

SNOWFALL (IN)
  YESTERDAY        0.0           0.0    MM   0.0    0.0
  MONTH TO DATE    0.0                       0.1   -0.1
  SINCE NOV 1     11.3                       7.9    3.4
  SINCE JUL 1     11.3                       7.9    3.4

DEGREE DAYS
 HEATING
  YESTERDAY       17                                8
  MONTH TO DATE  241                              -53
  SINCE MAR 1    942                               29
  SINCE JUL 1   4272                              279

 COOLING
  YESTERDAY        0                               -1
  MONTH TO DATE    0                               -2
  SINCE MAR 1      0                               -3
  SINCE JAN 1      0                               -3
...............................................................


WIND (MPH)
  HIGHEST WIND SPEED    24   HIGHEST WIND DIRECTION    NW (310)
  HIGHEST GUST SPEED    33   HIGHEST GUST DIRECTION    NW (310)
  AVERAGE WIND SPEED    11.0




RELATIVE HUMIDITY (PERCENT)
 HIGHEST    76
 LOWEST     24
 AVERAGE    50

..........................................................


THE WALLOPS ISLAND VA CLIMATE NORMALS FOR TODAY
                         NORMAL    RECORD    YEAR
 MAXIMUM TEMPERATURE (F)   66        85      2009
 MINIMUM TEMPERATURE (F)   48        37      1999


SUNRISE AND SUNSET
APRIL 25 2015.........SUNRISE   613 AM EDT   SUNSET   747 PM EDT
APRIL 26 2015.........SUNRISE   612 AM EDT   SUNSET   748 PM EDT


-  INDICATES NEGATIVE NUMBERS.
R  INDICATES RECORD WAS SET OR TIED.
MM INDICATES DATA IS MISSING.
T  INDICATES TRACE AMOUNT.




$$
