000
CDUS41 KPBZ 192112
CLIZZV


CLIMATE REPORT
NATIONAL WEATHER SERVICE PITTSBURGH PA
511 PM EDT SUN APR 19 2015


...................................

...THE ZANESVILLE OH CLIMATE SUMMARY FOR APRIL 19 2015...
VALID TODAY AS OF 0500 PM LOCAL TIME.

CLIMATE NORMAL PERIOD 1981 TO 2010
CLIMATE RECORD PERIOD 1946 TO 2015


WEATHER ITEM   OBSERVED TIME   RECORD YEAR NORMAL DEPARTURE LAST
                VALUE   (LST)  VALUE       VALUE  FROM      YEAR
                                                  NORMAL
..................................................................
TEMPERATURE (F)
 TODAY
  MAXIMUM         73    114 PM  85    1976  65      8       65
  MINIMUM         57    631 AM  21    1953  41     16       44
  AVERAGE         65                        53     12       55

PRECIPITATION (IN)
  TODAY            0.09         MM      MM   0.11  -0.02     0.00
  MONTH TO DATE    4.80                      2.18   2.62     2.96
  SINCE JUN 1     34.54                     32.41   2.13    35.67
  SINCE JAN 1     12.13                     10.01   2.12     7.36

DEGREE DAYS
 HEATING
  TODAY            0                        13    -13       10
  MONTH TO DATE  180                       294   -114      258
  SINCE MAR 1   1050                      1047      3     1159
  SINCE JUL 1   5707                      5238    469     5716

 COOLING
  TODAY            0                         0      0        0
  MONTH TO DATE    1                         0      1        5
  SINCE MAR 1      1                         1      0        5
  SINCE JAN 1      1                         1      0        5
..................................................................


WIND (MPH)
  HIGHEST WIND SPEED    26   HIGHEST WIND DIRECTION     S (180)
  HIGHEST GUST SPEED    31   HIGHEST GUST DIRECTION     S (180)
  AVERAGE WIND SPEED     9.1


SKY COVER
  POSSIBLE SUNSHINE  MM
  AVERAGE SKY COVER 0.3


WEATHER CONDITIONS
 THE FOLLOWING WEATHER WAS RECORDED TODAY.
  LIGHT RAIN


RELATIVE HUMIDITY (PERCENT)
 HIGHEST    78           400 PM
 LOWEST     35           100 PM
 AVERAGE    57

..........................................................


THE ZANESVILLE OH CLIMATE NORMALS FOR TOMORROW
                         NORMAL    RECORD    YEAR
 MAXIMUM TEMPERATURE (F)   65        85      1985
 MINIMUM TEMPERATURE (F)   41        25      1988


SUNRISE AND SUNSET
APRIL 19 2015.........SUNRISE   644 AM EDT   SUNSET   810 PM EDT
APRIL 20 2015.........SUNRISE   643 AM EDT   SUNSET   811 PM EDT


-  INDICATES NEGATIVE NUMBERS.
R  INDICATES RECORD WAS SET OR TIED.
MM INDICATES DATA IS MISSING.
T  INDICATES TRACE AMOUNT.




$$
