000
CXUS53 KGRR 020400 CCA
CLMBTL

CLIMATE REPORT...CORRECTED
NATIONAL WEATHER SERVICE GRAND RAPIDS, MI
758 AM EDT WED APR 1 2015

...................................

...THE BATTLE CREEK MI CLIMATE SUMMARY FOR THE MONTH OF MARCH 2015...

CLIMATE NORMAL PERIOD 1981 TO 2010
CLIMATE RECORD PERIOD 1998 TO 2015

WEATHER         OBSERVED          NORMAL  DEPART  LAST YEAR`S
                 VALUE   DATE(S)  VALUE   FROM    VALUE  DATE(S)
                                          NORMAL
................................................................
TEMPERATURE (F)
HIGHEST            69   03/16        MM      MM       61  03/31
LOWEST              0   03/06        MM      MM      -10  03/03
AVG. MAXIMUM     43.5              46.4    -2.9     36.5
AVG. MINIMUM     24.3              24.9    -0.6     17.5
MEAN             33.9              35.6    -1.7     27.0
DAYS MAX >= 90      0               0.0     0.0        0
DAYS MAX <= 32      6               2.8     3.2       12
DAYS MIN <= 32     24              23.9     0.1       26
DAYS MIN <= 0       1               0.3     0.7        2

PRECIPITATION (INCHES)
TOTALS           0.27              1.91   -1.64     0.96
DAILY AVG.       0.01              0.06   -0.05     0.03
DAYS >= .01         3              10.0    -7.0       10
DAYS >= .10         2               5.0    -3.0        3
DAYS >= .50         0               1.1    -1.1        0
DAYS >= 1.00        0               0.2    -0.2        0
GREATEST
 24 HR. TOTAL    0.12   03/03 TO 03/03           03/19 TO 03/19
                                                          03/19 TO 03/19
                                                          03/19 TO 03/19

DEGREE_DAYS
HEATING TOTAL     958               910      48     1169
 SINCE 7/1       6163              5875     288     6623
COOLING TOTAL       0                 0       0        0
 SINCE 1/1          0                 0       0        0
..........................................................

WIND (MPH)
AVERAGE WIND SPEED              9.3
RESULTANT WIND SPEED/DIRECTION   4/266
HIGHEST WIND SPEED/DIRECTION    33/290    DATE  03/30
HIGHEST GUST SPEED/DIRECTION    42/290    DATE  03/30

SKY COVER
POSSIBLE SUNSHINE (PERCENT)   MM
AVERAGE SKY COVER           0.40
NUMBER OF DAYS FAIR           15
NUMBER OF DAYS PC             11
NUMBER OF DAYS CLOUDY          4

AVERAGE RH (PERCENT)     61

WEATHER CONDITIONS. NUMBER OF DAYS WITH
THUNDERSTORM              0     MIXED PRECIP               0
HEAVY RAIN                0     RAIN                       1
LIGHT RAIN                5     FREEZING RAIN              1
LT FREEZING RAIN          1     HAIL                       0
HEAVY SNOW                1     SNOW                       1
LIGHT SNOW                4     SLEET                      0
FOG                      12     FOG W/VIS <= 1/4 MILE      3
HAZE                     12

-  INDICATES NEGATIVE NUMBERS.
R  INDICATES RECORD WAS SET OR TIED.
MM INDICATES DATA IS MISSING.
T  INDICATES TRACE AMOUNT.

&&

MARCH 2015 WAS COOLER THAN NORMAL... WITH PRECIPITATION AND SNOWFALL
VALUES BELOW NORMAL.

THE FIRST WEEK OF MARCH 2015 SAW TEMPERATURES BELOW NORMAL WITH
FREEZING RAIN... SLEET... SNOW AND RAIN. AFTER A LITTLE LAKE EFFECT
SNOW... TEMPERATURES ROSE TO ABOVE NORMAL LEVELS FOR THE NEXT WEEK
AND A HALF WITH THE WEATHER MAKERS PASSING BY THE AREA. AS THE DRY
WEATHER CONTINUED FOR MOST OF THE NEXT WEEK... TEMPERATURES AGAIN
FELL BELOW NORMAL AS ARCTIC AIR AGAIN PUSHED IN. THIS ARCTIC
INTRUSION BROUGHT BACK FREEZING RAIN... SLEET... SNOW AND RAIN TO
END THE MONTH.

THE AVERAGE TEMPERATURES FOR MARCH WERE AROUND TO A LITTLE BELOW
FREEZING. AT THE MAJOR CLIMATE SITES OF GRAND RAPIDS... LANSING AND
MUSKEGON... THE VALUES WERE ALL BETWEEN 32 AND 33 DEGREES. THESE
TEMPERATURES ARE 2 TO 3 DEGREES COOLER THAN NORMAL. THERE WERE FEW
DAILY RECORD TEMPERATURES IN MARCH 2015.

PRECIPITATION TOTALS VARIED FROM HALF AN INCH UP TO AN INCH AND A
HALF ACROSS SOUTHWEST LOWER MICHIGAN FOR MARCH 2015. THIS WAS 1 TO 2
INCHES BELOW NORMAL... WITH THE GREATEST SHORTFALLS ACROSS THE
SOUTH. THE 1.05 INCHES OF PRECIPITATION RECORDED IN GRAND RAPIDS FOR
MARCH 2015 WAS THE 9TH DRIEST MARCH ON RECORD... WHILE THE 0.74
INCHES IN LANSING WAS THE 7TH DRIEST ON RECORD. MUSKEGON WAS NOT A
TOP TEN FINISHER.

SNOWFALL IN MARCH 2015 RANGED FROM 2 TO 5 INCHES ACROSS MUCH OF
LOWER MICHIGAN. THIS WAS ABOUT HALF OF NORMAL SNOW TOTALS WITH
NORTHERN AREAS SEEING THE GREATEST DEFICIT.

THE MAIN WEATHER DURING MARCH 2015 WAS NON THUNDERSTORM WINDS OF
OVER 40 MPH A COUPLE TIMES DURING THE MONTH... AND SOME MINOR ICE
ACCUMULATIONS NEAR THE BEGINNING AND AGAIN NEAR THE END OF THE
MONTH.

$$

63 JAM
