000
CXUS54 KAMA 021037
CLMDHT


CLIMATE REPORT
NATIONAL WEATHER SERVICE AMARILLO TX
537 AM CDT SAT MAY 2 2015

...................................

...THE DALHART CLIMATE SUMMARY FOR THE MONTH OF APRIL 2015...

CLIMATE NORMAL PERIOD 1981 TO 2010
CLIMATE RECORD PERIOD 1894 TO 2015

WEATHER         OBSERVED          NORMAL  DEPART  LAST YEAR`S
                 VALUE   DATE(S)  VALUE   FROM    VALUE  DATE(S)
                                          NORMAL
................................................................
TEMPERATURE (F)
RECORD
 HIGH              96   04/30/2013
                        04/25/2012
                        54/01/2206
 LOW               16   04/04/1979
HIGHEST            86   04/01                         88  04/26
                                                          04/12
LOWEST             27   04/04                         25  04/15
AVG. MAXIMUM     72.7              69.5     3.2     71.5
AVG. MINIMUM     39.8              37.7     2.1     37.9
MEAN             56.2              53.6     2.6     54.7
DAYS MAX >= 90      0               0.3    -0.3        0
DAYS MAX <= 32      0               0.1    -0.1        0
DAYS MIN <= 32      3               6.8    -3.8        9
DAYS MIN <= 0       0               0.0     0.0        0

PRECIPITATION (INCHES)
TOTALS           1.30              1.08    0.22     0.11
DAILY AVG.       0.04              0.04    0.00     0.00
DAYS >= .01         5               5.1    -0.1        2
DAYS >= .10         4               2.5     1.5        0
DAYS >= .50         1               0.7     0.3        0
DAYS >= 1.00        0               0.2    -0.2        0
GREATEST
 24 HR. TOTAL    0.73   04/26 TO 04/27

SNOWFALL (INCHES)
TOTALS            0.0               1.2    -1.2      1.0
SINCE 7/1        34.1              18.9    15.2     17.4
DAYS >= TRACE       0               1.0    -1.0
DAYS >= 1.0         0               0.6    -0.6        1
GREATEST
 SNOW DEPTH         0   MM
 24 HR TOTAL      0.0   04/30 TO 04/30

DEGREE_DAYS
HEATING TOTAL     251               348     -97      318
 SINCE 7/1       4027              4602    -575     4501
COOLING TOTAL       1                 6      -5       16
 SINCE 1/1          1                 6      -5       16
.................................................................

WIND (MPH)
AVERAGE WIND SPEED              13.1
HIGHEST WIND SPEED/DIRECTION    43/360    DATE  04/19
HIGHEST GUST SPEED/DIRECTION    52/240    DATE  04/24

SKY COVER
POSSIBLE SUNSHINE (PERCENT)   MM
NUMBER OF DAYS FAIR           25
NUMBER OF DAYS PC              4
NUMBER OF DAYS CLOUDY          1

AVERAGE RH (PERCENT)     48

WEATHER CONDITIONS. NUMBER OF DAYS WITH
THUNDERSTORM              0     MIXED PRECIP               0
HEAVY RAIN                0     RAIN                       4
LIGHT RAIN                8     FREEZING RAIN              0
LT FREEZING RAIN          0     HEAVY SNOW                 0
SNOW                      0     LIGHT SNOW                 0
SLEET                     0     FOG                       10
FOG W/VIS <= 1/4 MILE     0     HAZE                       9

-  INDICATES NEGATIVE NUMBERS.
R  INDICATES RECORD WAS SET OR TIED.
MM INDICATES DATA IS MISSING.
T  INDICATES TRACE AMOUNT.

$$
