000
CXUS55 KGJT 011938 CCA
CLMGJT

CLIMATE REPORT...CORR FOR RECORD SNOWFALL YEAR
NATIONAL WEATHER SERVICE GRAND JUNCTION CO
559 AM MDT WED APR 1 2015

...................................

...THE GRAND JUNCTION CO CLIMATE SUMMARY FOR THE MONTH OF MARCH 2015...

CLIMATE NORMAL PERIOD 1981 TO 2010
CLIMATE RECORD PERIOD 1893 TO 2015

WEATHER         OBSERVED          NORMAL  DEPART  LAST YEAR`S
                 VALUE   DATE(S)  VALUE   FROM    VALUE  DATE(S)
                                          NORMAL
................................................................
TEMPERATURE (F)
RECORD
 HIGH              81   03/20/2004
                        03/26/1971
                        03/19/1907
 LOW                5   03/11/1948
                        03/05/1939
HIGHEST            78   03/28        60      18       67  03/30
LOWEST             20   03/05        27      -7       22  03/19
AVG. MAXIMUM     63.0              56.5     6.5     57.5
AVG. MINIMUM     32.6              31.4     1.2     30.0
MEAN             47.8              43.9     3.9     43.8
DAYS MAX >= 90      0               0.0     0.0        0
DAYS MAX <= 32      0               0.1    -0.1        0
DAYS MIN <= 32     15              17.1    -2.1       21
DAYS MIN <= 0       0               0.0     0.0        0

PRECIPITATION (INCHES)
RECORD
 MAXIMUM         2.36   1912
 MINIMUM         0.02   2004
                        1972
                        1971
TOTALS           0.27              0.92   -0.65     0.10
DAILY AVG.       0.01              0.03   -0.02     0.00
DAYS >= .01         5               7.3    -2.3        6
DAYS >= .10         0               3.2    -3.2        0
DAYS >= .50         0               0.2    -0.2        0
DAYS >= 1.00        0               0.0     0.0        0
GREATEST
 24 HR. TOTAL    0.07   03/02 TO 03/02              0.04

SNOWFALL (INCHES)
RECORDS
 TOTAL           15.9   1918
TOTALS            1.9               2.6    -0.7        T
SINCE 7/1        10.5              18.1    -7.6     25.7
SNOWDEPTH AVG.      0                MM      MM        0
DAYS >= 1.0         1               0.9     0.1        0
GREATEST
 SNOW DEPTH         2   03/04                          0  MM
 24 HR TOTAL      1.6   MM                             T

DEGREE_DAYS
HEATING TOTAL     523               653    -130      652
 SINCE 7/1       4508              5032    -524     5590
COOLING TOTAL       0                 0       0        0
 SINCE 1/1          0                 0       0        0
.................................................................

WIND (MPH)
AVERAGE WIND SPEED              7.0
HIGHEST WIND SPEED/DIRECTION    37/240    DATE  03/23
HIGHEST GUST SPEED/DIRECTION    47/340    DATE  03/23

SKY COVER
POSSIBLE SUNSHINE (PERCENT)   MM
AVERAGE SKY COVER           0.20
NUMBER OF DAYS FAIR           22
NUMBER OF DAYS PC              5
NUMBER OF DAYS CLOUDY          4

AVERAGE RH (PERCENT)     44

WEATHER CONDITIONS. NUMBER OF DAYS WITH
THUNDERSTORM              0     MIXED PRECIP               0
HEAVY RAIN                0     RAIN                       2
LIGHT RAIN                5     FREEZING RAIN              0
LT FREEZING RAIN          0     HAIL                       0
HEAVY SNOW                0     SNOW                       0
LIGHT SNOW                2     SLEET                      0
FOG                       5     FOG W/VIS <= 1/4 MILE      1
HAZE                      1

-  INDICATES NEGATIVE NUMBERS.
R  INDICATES RECORD WAS SET OR TIED.
MM INDICATES DATA IS MISSING.
T  INDICATES TRACE AMOUNT.

$$
