000
CXUS52 KJAX 011813
CLMGNV

CLIMATE REPORT
NATIONAL WEATHER SERVICE JACKSONVILLE FL
209 PM EDT WED APR 1 2015

...................................

...THE GAINESVILLE CLIMATE SUMMARY FOR THE MONTH OF MARCH 2015...

CLIMATE NORMAL PERIOD 1981 TO 2010
CLIMATE RECORD PERIOD 1890 TO 2015

WEATHER         OBSERVED          NORMAL  DEPART  LAST YEAR`S
                 VALUE   DATE(S)  VALUE   FROM    VALUE  DATE(S)
                                          NORMAL
................................................................
TEMPERATURE (F)
RECORD
 HIGH              96   03/31/1907
 LOW               22   03/03/1980
HIGHEST            87   03/11        75      12       83  03/16
LOWEST             38   03/29        50     -12       33  03/14
AVG. MAXIMUM     79.8              74.6     5.2     72.2
AVG. MINIMUM     54.8              50.0     4.8     48.4
MEAN             67.3              62.3     5.0     60.3
DAYS MAX >= 90      0               0.0     0.0        0
DAYS MAX <= 32      0               0.0     0.0        0
DAYS MIN <= 32      0               0.9    -0.9        0
DAYS MIN <= 0       0               0.0     0.0        0

PRECIPITATION (INCHES)
RECORD
 MAXIMUM        11.13   1996
 MINIMUM            T   1945
TOTALS           1.17              4.33   -3.16     5.50
DAILY AVG.       0.04              0.14   -0.10     0.18
DAYS >= .01         6               7.9    -1.9        7
DAYS >= .10         5               5.7    -0.7        6
DAYS >= .50         0               2.5    -2.5        4
DAYS >= 1.00        0               1.3    -1.3        2
GREATEST
 24 HR. TOTAL    0.42

SNOWFALL (INCHES)
RECORDS
 TOTAL              T   1991
TOTALS            0.0               0.0     0.0      0.0
SINCE 7/1         0.0               0.0     0.0      0.0
SNOWDEPTH AVG.      0                MM      MM        0
DAYS >= 1.0         0               0.0     0.0        0
GREATEST
 SNOW DEPTH         0   MM                             0  MM
 24 HR TOTAL      0.0

DEGREE_DAYS
HEATING TOTAL      60               137     -77      163
 SINCE 7/1       1211              1171      40     1073
COOLING TOTAL     139                54      85       25
 SINCE 1/1        154                86      68       62
.................................................................

WIND (MPH)
AVERAGE WIND SPEED              6.2
HIGHEST WIND SPEED/DIRECTION    22/230    DATE  03/14
HIGHEST GUST SPEED/DIRECTION    29/180    DATE  03/27

SKY COVER
POSSIBLE SUNSHINE (PERCENT)   MM
AVERAGE SKY COVER           0.50
NUMBER OF DAYS FAIR           10
NUMBER OF DAYS PC             15
NUMBER OF DAYS CLOUDY          6

AVERAGE RH (PERCENT)     73

WEATHER CONDITIONS. NUMBER OF DAYS WITH
THUNDERSTORM              0     MIXED PRECIP               0
HEAVY RAIN                1     RAIN                       3
LIGHT RAIN               12     FREEZING RAIN              0
LT FREEZING RAIN          0     HAIL                       0
HEAVY SNOW                0     SNOW                       0
LIGHT SNOW                0     SLEET                      0
FOG                      20     FOG W/VIS <= 1/4 MILE      7
HAZE                      4

-  INDICATES NEGATIVE NUMBERS.
R  INDICATES RECORD WAS SET OR TIED.
MM INDICATES DATA IS MISSING.
T  INDICATES TRACE AMOUNT.

$$
