000
CXUS53 KIND 011510
CLMIND


CLIMATE REPORT
NATIONAL WEATHER SERVICE INDIANAPOLIS IN
1110 AM EDT FRI MAY 1 2015

...................................

...THE INDIANAPOLIS IN CLIMATE SUMMARY FOR THE MONTH OF APRIL 2015...

CLIMATE NORMAL PERIOD 1981 TO 2010
CLIMATE RECORD PERIOD 1871 TO 2015

WEATHER         OBSERVED          NORMAL  DEPART  LAST YEAR`S
                 VALUE   DATE(S)  VALUE   FROM    VALUE  DATE(S)
                                          NORMAL
................................................................
TEMPERATURE (F)
RECORD
 HIGH              90   04/30/1942
                        04/24/1925
 LOW               18   04/09/1997
                        04/08/1972
                        04/13/1950
HIGHEST            80   04/09                         78  04/26
                                                          04/12
LOWEST             30   04/04                         26  04/16
AVG. MAXIMUM     64.8              63.4     1.4     64.1
AVG. MINIMUM     44.1              42.7     1.4     41.9
MEAN             54.5              53.0     1.5     53.0
DAYS MAX >= 90      0               0.0     0.0        0
DAYS MAX <= 32      0               0.0     0.0        0
DAYS MIN <= 32      3               3.8    -0.8        3
DAYS MIN <= 0       0               0.0     0.0        0

PRECIPITATION (INCHES)
RECORD
 MAXIMUM         8.60   1893
 MINIMUM         0.98   1976
TOTALS           4.00              3.81    0.19     5.39
DAILY AVG.       0.13              0.13    0.00     0.18
DAYS >= .01        13              12.0     1.0       14
DAYS >= .10        10               7.6     2.4       11
DAYS >= .50         3               2.8     0.2        4
DAYS >= 1.00        0               0.8    -0.8        1
GREATEST
 24 HR. TOTAL    1.22   04/19 TO 04/20

SNOWFALL (INCHES)
RECORDS
 TOTAL            6.9   1886
 SNOW DEPTH         3   04/18/1953
                        04/06/1920
TOTALS              T               0.2    -0.2      0.3
SINCE 7/1        25.6              25.9    -0.3     55.7
SNOWDEPTH AVG.      0
DAYS >= 1.0         0               0.1    -0.1        0
DAYS >= 0.1         0                                  1
GREATEST
 SNOW DEPTH         0   MM                            -1  04/15
 24 HR TOTAL        T   04/08 TO 04/08               0.3  04/14 TO 04/15

DEGREE_DAYS
HEATING TOTAL     313               372     -59      357
 SINCE 7/1       5829              5222     607     6053
COOLING TOTAL       6                13      -7        4
 SINCE 1/1          6                15      -9        4
......................................................

WIND (MPH)
AVERAGE WIND SPEED              10.7
HIGHEST WIND SPEED/DIRECTION    38/250    DATE  04/21
HIGHEST GUST SPEED/DIRECTION    49/250    DATE  04/21

SKY COVER
POSSIBLE SUNSHINE (PERCENT)   MM
AVERAGE SKY COVER           0.60
NUMBER OF DAYS FAIR            6
NUMBER OF DAYS PC             11
NUMBER OF DAYS CLOUDY         13

AVERAGE RH (PERCENT)     60

WEATHER CONDITIONS. NUMBER OF DAYS WITH
THUNDERSTORM              7     MIXED PRECIP               0
HEAVY RAIN                5     RAIN                       7
LIGHT RAIN               15     FREEZING RAIN              0
LT FREEZING RAIN          0     HAIL                       1
HEAVY SNOW                0     SNOW                       0
LIGHT SNOW                0     SLEET                      0
FOG                      11     FOG W/VIS <= 1/4 MILE      1
HAZE                      4

-  INDICATES NEGATIVE NUMBERS.
R  INDICATES RECORD WAS SET OR TIED.
MM INDICATES DATA IS MISSING.
T  INDICATES TRACE AMOUNT.

$$
