000
CXUS54 KLZK 011051
CLMLIT


CLIMATE REPORT
NATIONAL WEATHER SERVICE LITTLE ROCK AR
547 AM CDT WED APR 1 2015

...................................

...THE LITTLE ROCK ADAMS FIELD CLIMATE SUMMARY FOR THE MONTH OF MARCH 2015...

CLIMATE NORMAL PERIOD 1981 TO 2010
CLIMATE RECORD PERIOD 1874 TO 2015

WEATHER         OBSERVED          NORMAL  DEPART  LAST YEAR`S
                 VALUE   DATE(S)  VALUE   FROM    VALUE  DATE(S)
                                          NORMAL
................................................................
TEMPERATURE (F)
RECORD
 HIGH              91   03/31/1974
 LOW               11   03/03/1943
HIGHEST            84   03/31        64      20       77  03/11
LOWEST             17   03/06        43     -26       16  03/03
AVG. MAXIMUM     61.8              64.0    -2.2     60.4
AVG. MINIMUM     43.2              42.7     0.5     37.2
MEAN             52.5              53.4    -0.9     48.8
DAYS MAX >= 90      0               0.0     0.0        0
DAYS MAX <= 32      0               0.1    -0.1        2
DAYS MIN <= 32      5               3.4     1.6        9
DAYS MIN <= 0       0               0.0     0.0        0

PRECIPITATION (INCHES)
RECORD
 MAXIMUM        10.43   1897
 MINIMUM         0.52   1925
TOTALS           8.10              4.68    3.42     5.29
DAILY AVG.       0.26              0.15    0.11     0.17
DAYS >= .01        17               9.8     7.2       10
DAYS >= .10        13                                  7
DAYS >= .50         5                                  3
DAYS >= 1.00        3               1.6     1.4        2
GREATEST
 24 HR. TOTAL    2.12   03/04 TO 03/04

SNOWFALL (INCHES)
RECORDS
 TOTAL           12.0   1875
 24 HR TOTAL     12.0   03/06/1875 TO 03/06/1875
 SNOW DEPTH         8   03/17/1892
TOTALS            5.7               0.4     5.3      2.2
 LIQUID EQUIV    0.57              0.00    0.57     0.22
SINCE 7/1        11.1               3.5     7.6      6.2
 LIQUID 7/1      1.11                MM      MM     0.62
SNOWDEPTH AVG.      0
DAYS >= TRACE       3               0.3     2.7        4
DAYS >= 1.0         2                                  1
GREATEST
 SNOW DEPTH         5   03/05
 24 HR TOTAL      5.7   03/04 TO 03/05

DEGREE_DAYS
HEATING TOTAL     395               375      20      495
 SINCE 7/1       3041              2888     153     3268
COOLING TOTAL      14                14       0        0
 SINCE 1/1         14                16      -2        0

FREEZE DATES
RECORD
 EARLIEST     10/20/1989
 LATEST       04/19/1983
EARLIEST      03/01             11/13
LATEST                          03/19
....................................................

WIND (MPH)
AVERAGE WIND SPEED              6.5
HIGHEST WIND SPEED/DIRECTION    23/060    DATE  03/18
HIGHEST GUST SPEED/DIRECTION    33/340    DATE  03/27

SKY COVER
POSSIBLE SUNSHINE (PERCENT)   MM
AVERAGE SKY COVER           0.70
NUMBER OF DAYS FAIR            4
NUMBER OF DAYS PC             11
NUMBER OF DAYS CLOUDY         16

AVERAGE RH (PERCENT)     71

WEATHER CONDITIONS. NUMBER OF DAYS WITH
THUNDERSTORM              0     MIXED PRECIP               0
HEAVY RAIN                3     RAIN                      10
LIGHT RAIN               18     FREEZING RAIN              0
LT FREEZING RAIN          1     HAIL                       1
HEAVY SNOW                2     SNOW                       2
LIGHT SNOW                2     SLEET                      1
FOG                      17     FOG W/VIS <= 1/4 MILE      5
HAZE                      2

-  INDICATES NEGATIVE NUMBERS.
R  INDICATES RECORD WAS SET OR TIED.
MM INDICATES DATA IS MISSING.
T  INDICATES TRACE AMOUNT.

&&

...DATA FOR LITTLE ROCK ADAMS FIELD FOR MARCH 2015...

.SUMMARY...

MOST DAYS IN THE MONTH SAW ABOVE AVERAGE DAILY TEMPERATURES. THE
NOTABLE EXCEPTIONS WERE THE FIRST NINE DAYS...AND FIVE DAYS IN THE
LAST HALF OF THE MONTH. IN THE FIRST WEEK ALONE...READINGS RANGED AS
COLD AS 10-20 DEGREES BELOW THE 30-YEAR AVERAGE.

PRECIPITATION WAS FAIRLY SCATTERED THROUGHOUT THE MONTH...AND WAS
MUCH ABOVE AVERAGE...MAKING IT ONE OF THE WETTEST MARCHES EVER
RECORDED.

SNOWFALL WAS WELL ABOVE AVERAGE...MAKING IT ONE OF THE SNOWIEST
MARCHES EVER RECORDED.

HAIL FELL DURING THE PASSAGE OF A STRONG THUNDERSTORM ON THE 31ST.

.MONTHLY TEMPERATURES...

THE AVERAGE HIGH...LOW...AND MONTHLY TEMPERATURES WERE THE WARMEST
SINCE 2012. HOWEVER...ALL THOSE WERE STILL BELOW AVERAGE.

.DAILY AVERAGE TEMPERATURES...

ABOVE NORMAL ON 16 DAYS...NORMAL ON ONE DAY...AND BELOW NORMAL ON 14
DAYS.

.NUMBER OF DAYS WITH TEMPERATURES...

AT OR ABOVE 80 DEGREES...5...THE MOST SINCE 2012
AT OR BELOW FREEZING.....5...THE LEAST SINCE 2012


.DAILY TEMPERATURE RECORDS TIED OR BROKEN DURING THE MONTH...

DATE  RECORD TYPE                   NEW RECORD       PREVIOUS RECORD
 6TH  LOW TEMPERATURE               17 IN 2015         19 IN 1899

ON THE 6TH...THE LOW OF 17 DEGREES MARKED THE 5TH COLDEST
TEMPERATURE ON RECORD IN THE MONTH OF MARCH...MOST RECENTLY TYING
MARCH 4TH 2014.

.RAINFALL...

IT WAS THE WETTEST MARCH SINCE 2002...AND THE 10TH WETTEST ON
RECORD.

.DAILY RAINFALL RECORDS TIED OR BROKEN DURING THE MONTH...

DATE   NEW RECORD          PREVIOUS RECORD
 4TH  2.12 IN 2015          1.91 IN 1989

.SNOWFALL...

IT WAS THE SECOND MARCH IN A ROW WITH MEASURABLE SNOWFALL. THE ONLY
OTHER TIMES THIS HAS HAPPENED WAS 1891 AND 1892...AND IN 1875...
1876...AND 1877.

IT WAS THE SNOWIEST MARCH SINCE 1971...AND THE 6TH SNOWIEST ON
RECORD.

.DAILY SNOWFALL RECORDS TIED OR BROKEN DURING THE MONTH...

DATE   NEW RECORD          PREVIOUS RECORD
 4TH  3.2 IN 2015            1.0 IN 2008
 5TH  2.5 IN 2015            1.0 IN 1989

ON THE 4TH...THE 3.2 INCHES OF SNOW THAT FELL MARKED THE HEAVIEST
CALENDAR DAY SNOWFALL IN THE MONTH OF MARCH SINCE 1984...AND THE 8TH
HIGHEST ON RECORD.

THE 5.7 INCHES OF SNOW THAT FELL IN A 24-HOUR PERIOD ON THE 4TH AND
5TH MARKED THE HEAVIEST 24-HOUR SNOWFALL AT LITTLE ROCK SINCE MARCH
2ND-3RD 1971...AND THE 5TH HIGHEST ON RECORD.

.MISCELLANEOUS PHENOMENA...

THE AVERAGE SNOW DEPTH FOR THE MONTH WAS 0.3 INCHES...WHICH WAS THE
MOST SINCE 1960...AND TIED 1960 FOR THE HIGHEST AVERAGE MARCH SNOW
DEPTH ON RECORD.

$$

57
