000
CXUS51 KBTV 011350
CLMSLK


CLIMATE REPORT
NATIONAL WEATHER SERVICE BURLINGTON VT
947 AM EDT WED APR 1 2015

...................................

...THE SARANAC LAKE NY CLIMATE SUMMARY FOR THE MONTH OF MARCH 2015...

CLIMATE NORMAL PERIOD 1981 TO 2010
CLIMATE RECORD PERIOD 9999 TO 9999

WEATHER         OBSERVED          NORMAL  DEPART  LAST YEAR`S
                 VALUE   DATE(S)  VALUE   FROM    VALUE  DATE(S)
                                          NORMAL
................................................................
TEMPERATURE (F)
RECORD
 HIGH              77   MM
 LOW              -29   03/06/2015
                        03/17/2014
                        02/23/2015
HIGHEST            48   03/10        MM      MM       42  03/28
LOWEST            -29R  03/06        MM      MM      -29  03/17
AVG. MAXIMUM     31.0              36.7    -5.7     28.7
AVG. MINIMUM      4.2              12.2    -8.0     -2.6
MEAN             17.7              24.5    -6.8     13.1
DAYS MAX >= 90      0               0.0     0.0        0
DAYS MAX <= 32     15              10.8     4.2       19
DAYS MIN <= 32     30              29.4     0.6       30
DAYS MIN <= 0      15               6.3     8.7       18

PRECIPITATION (INCHES)
RECORD
 MAXIMUM           MM   MM
 MINIMUM           MM   MM
TOTALS           0.87              2.28   -1.41     1.63
DAILY AVG.       0.03              0.07   -0.04     0.05
DAYS >= .01        16                MM      MM       15
DAYS >= .10         1                MM      MM        5
DAYS >= .50         0                MM      MM        0
DAYS >= 1.00        0                MM      MM        0
GREATEST
 24 HR. TOTAL    0.30   03/26 TO 03/26

DEGREE_DAYS
HEATING TOTAL    1408              1257     151     1552
 SINCE 7/1       8191              7962     229     8536
COOLING TOTAL       0                 0       0        0
 SINCE 1/1          0                 0       0        0
..................................................

WIND (MPH)
AVERAGE WIND SPEED              6.9
HIGHEST WIND SPEED/DIRECTION    30/200    DATE  03/25
HIGHEST GUST SPEED/DIRECTION    41/210    DATE  03/25

SKY COVER
POSSIBLE SUNSHINE (PERCENT)   MM
AVERAGE SKY COVER           0.60
NUMBER OF DAYS FAIR            8
NUMBER OF DAYS PC             10
NUMBER OF DAYS CLOUDY         13

AVERAGE RH (PERCENT)     68

WEATHER CONDITIONS. NUMBER OF DAYS WITH
THUNDERSTORM              0     MIXED PRECIP               0
HEAVY RAIN                0     RAIN                       0
LIGHT RAIN                2     FREEZING RAIN              0
LT FREEZING RAIN          1     HAIL                       0
HEAVY SNOW                2     SNOW                       7
LIGHT SNOW               22     SLEET                      0
FOG                      21     FOG W/VIS <= 1/4 MILE      6
HAZE                     17

-  INDICATES NEGATIVE NUMBERS.
R  INDICATES RECORD WAS SET OR TIED.
MM INDICATES DATA IS MISSING.
T  INDICATES TRACE AMOUNT.

$$
