000
CDUS43 KTOP 210634
CLICNK


CLIMATE REPORT
NATIONAL WEATHER SERVICE TOPEKA KS
132 AM CDT TUE APR 21 2015


...................................

...THE CONCORDIA KS CLIMATE SUMMARY FOR APRIL 20 2015...

CLIMATE NORMAL PERIOD 1981 TO 2010
CLIMATE RECORD PERIOD 1885 TO 2015


WEATHER ITEM   OBSERVED TIME   RECORD YEAR NORMAL DEPARTURE LAST
                VALUE   (LST)  VALUE       VALUE  FROM      YEAR
                                                  NORMAL
..................................................................
TEMPERATURE (F)
 YESTERDAY
  MAXIMUM         61    510 PM 100    1902  66     -5       80
  MINIMUM         37    614 AM  25    1953  43     -6       59
  AVERAGE         49                        55     -6       70

PRECIPITATION (IN)
  YESTERDAY        0.00          1.30 1933   0.08  -0.08     0.01
  MONTH TO DATE    1.07                      1.52  -0.45     0.57
  SINCE MAR 1      1.18                      3.53  -2.35     0.80
  SINCE JAN 1      2.70                      4.90  -2.20     1.99

SNOWFALL (IN)
  YESTERDAY        0.0           T    1992   0.0    0.0      0.0
  MONTH TO DATE    0.0                       0.5   -0.5       T
  SINCE JAN 1      5.6                      13.7   -8.1     16.9
  SINCE JUL 1     11.7                      20.2   -8.5     23.2
  SNOW DEPTH       0

DEGREE DAYS
 HEATING
  YESTERDAY       16                        11      5        0
  MONTH TO DATE  183                       278    -95      278
  SINCE MAR 1    730                       962   -232     1074
  SINCE JUL 1   4937                      5169   -232     5556

 COOLING
  YESTERDAY        0                         1     -1        5
  MONTH TO DATE    4                         5     -1       15
  SINCE MAR 1      8                         6      2       15
  SINCE JAN 1      8                         6      2       15
..................................................................


WIND (MPH)
  HIGHEST WIND SPEED    29   HIGHEST WIND DIRECTION    NW (320)
  HIGHEST GUST SPEED    39   HIGHEST GUST DIRECTION    NW (310)
  AVERAGE WIND SPEED    13.2


SKY COVER
  AVERAGE SKY COVER 0.2


WEATHER CONDITIONS
 THE FOLLOWING WEATHER WAS RECORDED YESTERDAY.
  NO SIGNIFICANT WEATHER WAS OBSERVED.


RELATIVE HUMIDITY (PERCENT)
 HIGHEST    82           400 AM
 LOWEST     25           100 PM
 AVERAGE    54

..........................................................


THE CONCORDIA KS CLIMATE NORMALS FOR TODAY
                         NORMAL    RECORD    YEAR
 MAXIMUM TEMPERATURE (F)   67        93      1989
                                             1888
 MINIMUM TEMPERATURE (F)   43        24      1966


SUNRISE AND SUNSET
APRIL 21 2015.........SUNRISE   645 AM CDT   SUNSET   814 PM CDT
APRIL 22 2015.........SUNRISE   644 AM CDT   SUNSET   815 PM CDT


-  INDICATES NEGATIVE NUMBERS.
R  INDICATES RECORD WAS SET OR TIED.
MM INDICATES DATA IS MISSING.
T  INDICATES TRACE AMOUNT.

$$
