000
CDUS43 KTOP 030637
CLICNK


CLIMATE REPORT
NATIONAL WEATHER SERVICE TOPEKA KS
137 AM CDT SUN MAY 3 2015


...................................

...THE CONCORDIA KS CLIMATE SUMMARY FOR MAY 2 2015...

CLIMATE NORMAL PERIOD 1981 TO 2010
CLIMATE RECORD PERIOD 1885 TO 2015


WEATHER ITEM   OBSERVED TIME   RECORD YEAR NORMAL DEPARTURE LAST
                VALUE   (LST)  VALUE       VALUE  FROM      YEAR
                                                  NORMAL
..................................................................
TEMPERATURE (F)
 YESTERDAY
  MAXIMUM         84    419 PM  92    1968  70     14       74
                                      1955
                                      1902
  MINIMUM         59    624 AM  26    1967  47     12       36
  AVERAGE         72                        59     13       55

PRECIPITATION (IN)
  YESTERDAY        0.00          1.90 1919   0.11  -0.11     0.00
  MONTH TO DATE    0.00                      0.22  -0.22     0.00
  SINCE MAR 1      2.34                      4.68  -2.34     1.52
  SINCE JAN 1      3.86                      6.05  -2.19     2.71

SNOWFALL (IN)
  YESTERDAY        0.0           T    2013   0.0    0.0      0.0
                                      1942
  MONTH TO DATE    0.0                       0.0    0.0      0.0
  SINCE JAN 1      5.6                      13.7   -8.1     16.9
  SINCE JUL 1     11.7                      20.2   -8.5     23.2
  SNOW DEPTH       0

DEGREE DAYS
 HEATING
  YESTERDAY        0                         7     -7       10
  MONTH TO DATE    2                        15    -13       26
  SINCE MAR 1    838                      1072   -234     1171
  SINCE JUL 1   5045                      5279   -234     5653

 COOLING
  YESTERDAY        7                         1      6        0
  MONTH TO DATE    7                         2      5        0
  SINCE MAR 1     15                        19     -4       25
  SINCE JAN 1     15                        19     -4       25
..................................................................


WIND (MPH)
  HIGHEST WIND SPEED    28   HIGHEST WIND DIRECTION     S (200)
  HIGHEST GUST SPEED    36   HIGHEST GUST DIRECTION     S (200)
  AVERAGE WIND SPEED    17.9


SKY COVER
  AVERAGE SKY COVER 0.3


WEATHER CONDITIONS
 THE FOLLOWING WEATHER WAS RECORDED YESTERDAY.
  NO SIGNIFICANT WEATHER WAS OBSERVED.


RELATIVE HUMIDITY (PERCENT)
 HIGHEST    69           200 AM
 LOWEST     32           300 PM
 AVERAGE    51

..........................................................


THE CONCORDIA KS CLIMATE NORMALS FOR TODAY
                         NORMAL    RECORD    YEAR
 MAXIMUM TEMPERATURE (F)   70        90      1959
 MINIMUM TEMPERATURE (F)   48        26      1907


SUNRISE AND SUNSET
MAY  3 2015...........SUNRISE   629 AM CDT   SUNSET   826 PM CDT
MAY  4 2015...........SUNRISE   628 AM CDT   SUNSET   827 PM CDT


-  INDICATES NEGATIVE NUMBERS.
R  INDICATES RECORD WAS SET OR TIED.
MM INDICATES DATA IS MISSING.
T  INDICATES TRACE AMOUNT.




$$
