000
CDUS43 KTOP 300636
CLICNK


CLIMATE REPORT
NATIONAL WEATHER SERVICE TOPEKA KS
136 AM CDT THU APR 30 2015


...................................

...THE CONCORDIA KS CLIMATE SUMMARY FOR APRIL 29 2015...

CLIMATE NORMAL PERIOD 1981 TO 2010
CLIMATE RECORD PERIOD 1885 TO 2015


WEATHER ITEM   OBSERVED TIME   RECORD YEAR NORMAL DEPARTURE LAST
                VALUE   (LST)  VALUE       VALUE  FROM      YEAR
                                                  NORMAL
..................................................................
TEMPERATURE (F)
 YESTERDAY
  MAXIMUM         73    414 PM  96    1891  69      4       43
  MINIMUM         42    611 AM  28    1903  46     -4       39
  AVERAGE         58                        58      0       41

PRECIPITATION (IN)
  YESTERDAY        0.00          2.22 1903   0.10  -0.10     0.29
  MONTH TO DATE    2.23                      2.35  -0.12     1.29
  SINCE MAR 1      2.34                      4.36  -2.02     1.52
  SINCE JAN 1      3.86                      5.73  -1.87     2.71

SNOWFALL (IN)
  YESTERDAY        0.0           T    1984   0.0    0.0      0.0
  MONTH TO DATE    0.0                       0.5   -0.5       T
  SINCE JAN 1      5.6                      13.7   -8.1     16.9
  SINCE JUL 1     11.7                      20.2   -8.5     23.2
  SNOW DEPTH       0

DEGREE DAYS
 HEATING
  YESTERDAY        7                         8     -1       24
  MONTH TO DATE  270                       365    -95      333
  SINCE MAR 1    817                      1049   -232     1129
  SINCE JUL 1   5024                      5256   -232     5611

 COOLING
  YESTERDAY        0                         1     -1        0
  MONTH TO DATE    4                        14    -10       25
  SINCE MAR 1      8                        15     -7       25
  SINCE JAN 1      8                        15     -7       25
..................................................................


WIND (MPH)
  HIGHEST WIND SPEED    15   HIGHEST WIND DIRECTION     N (350)
  HIGHEST GUST SPEED    20   HIGHEST GUST DIRECTION     N (20)
  AVERAGE WIND SPEED     5.7


SKY COVER
  AVERAGE SKY COVER 0.0


WEATHER CONDITIONS
 THE FOLLOWING WEATHER WAS RECORDED YESTERDAY.
  NO SIGNIFICANT WEATHER WAS OBSERVED.


RELATIVE HUMIDITY (PERCENT)
 HIGHEST    89           500 AM
 LOWEST     22           400 PM
 AVERAGE    56

..........................................................


THE CONCORDIA KS CLIMATE NORMALS FOR TODAY
                         NORMAL    RECORD    YEAR
 MAXIMUM TEMPERATURE (F)   69        92      1965
 MINIMUM TEMPERATURE (F)   47        22      1907


SUNRISE AND SUNSET
APRIL 30 2015.........SUNRISE   633 AM CDT   SUNSET   823 PM CDT
MAY  1 2015...........SUNRISE   632 AM CDT   SUNSET   824 PM CDT


-  INDICATES NEGATIVE NUMBERS.
R  INDICATES RECORD WAS SET OR TIED.
MM INDICATES DATA IS MISSING.
T  INDICATES TRACE AMOUNT.




$$
