000
CDUS43 KTOP 260638
CLICNK


CLIMATE REPORT
NATIONAL WEATHER SERVICE TOPEKA KS
137 AM CDT SUN APR 26 2015


...................................

...THE CONCORDIA KS CLIMATE SUMMARY FOR APRIL 25 2015...

CLIMATE NORMAL PERIOD 1981 TO 2010
CLIMATE RECORD PERIOD 1885 TO 2015


WEATHER ITEM   OBSERVED TIME   RECORD YEAR NORMAL DEPARTURE LAST
                VALUE   (LST)  VALUE       VALUE  FROM      YEAR
                                                  NORMAL
..................................................................
TEMPERATURE (F)
 YESTERDAY
  MAXIMUM         60   1239 PM  94    2012  68     -8       82
  MINIMUM         48   1159 PM  32    2002  45      3       48
                                      1972
                                      1910
  AVERAGE         54                        56     -2       65

PRECIPITATION (IN)
  YESTERDAY        0.13          0.98 1915   0.08   0.05     0.00
  MONTH TO DATE    2.23                      1.96   0.27     0.95
  SINCE MAR 1      2.34                      3.97  -1.63     1.18
  SINCE JAN 1      3.86                      5.34  -1.48     2.37

SNOWFALL (IN)
  YESTERDAY       MM             T    1919   0.0   MM        0.0
  MONTH TO DATE    0.0                       0.5   -0.5       T
  SINCE JAN 1      5.6                      13.7   -8.1     16.9
  SINCE JUL 1     11.7                      20.2   -8.5     23.2
  SNOW DEPTH       0

DEGREE DAYS
 HEATING
  YESTERDAY       11                        10      1        0
  MONTH TO DATE  228                       330   -102      292
  SINCE MAR 1    775                      1014   -239     1088
  SINCE JUL 1   4982                      5221   -239     5570

 COOLING
  YESTERDAY        0                         1     -1        0
  MONTH TO DATE    4                        10     -6       18
  SINCE MAR 1      8                        11     -3       18
  SINCE JAN 1      8                        11     -3       18
..................................................................


WIND (MPH)
  HIGHEST WIND SPEED    20   HIGHEST WIND DIRECTION    NW (300)
  HIGHEST GUST SPEED    35   HIGHEST GUST DIRECTION    NW (320)
  AVERAGE WIND SPEED    11.8


SKY COVER
  AVERAGE SKY COVER 1.0


WEATHER CONDITIONS
 THE FOLLOWING WEATHER WAS RECORDED YESTERDAY.
  LIGHT RAIN
  FOG
  HAZE


RELATIVE HUMIDITY (PERCENT)
 HIGHEST   100           500 AM
 LOWEST     80          1200 PM
 AVERAGE    90

..........................................................


THE CONCORDIA KS CLIMATE NORMALS FOR TODAY
                         NORMAL    RECORD    YEAR
 MAXIMUM TEMPERATURE (F)   68        98      1989
 MINIMUM TEMPERATURE (F)   45        25      1907


SUNRISE AND SUNSET
APRIL 26 2015.........SUNRISE   638 AM CDT   SUNSET   819 PM CDT
APRIL 27 2015.........SUNRISE   637 AM CDT   SUNSET   820 PM CDT


-  INDICATES NEGATIVE NUMBERS.
R  INDICATES RECORD WAS SET OR TIED.
MM INDICATES DATA IS MISSING.
T  INDICATES TRACE AMOUNT.




$$
