000
CDUS43 KTOP 240634
CLICNK


CLIMATE REPORT
NATIONAL WEATHER SERVICE TOPEKA KS
133 AM CDT FRI APR 24 2015


...................................

...THE CONCORDIA KS CLIMATE SUMMARY FOR APRIL 23 2015...

CLIMATE NORMAL PERIOD 1981 TO 2010
CLIMATE RECORD PERIOD 1885 TO 2015


WEATHER ITEM   OBSERVED TIME   RECORD YEAR NORMAL DEPARTURE LAST
                VALUE   (LST)  VALUE       VALUE  FROM      YEAR
                                                  NORMAL
..................................................................
TEMPERATURE (F)
 YESTERDAY
  MAXIMUM         65        MM  95    1989  67     -2       83
  MINIMUM         MM        MM  29    2013  44     MM       53
                                      1967
  AVERAGE         MM                        56     MM       68

PRECIPITATION (IN)
  YESTERDAY        T             0.91 2003   0.08  -0.08      T
  MONTH TO DATE    1.07                      1.78  -0.71     0.58
  SINCE MAR 1      1.18                      3.79  -2.61     0.81
  SINCE JAN 1      2.70                      5.16  -2.46     2.00

SNOWFALL (IN)
  YESTERDAY        0.0           2.2  2013   0.0    0.0      0.0
  MONTH TO DATE    0.0                       0.5   -0.5       T
  SINCE JAN 1      5.6                      13.7   -8.1     16.9
  SINCE JUL 1     11.7                      20.2   -8.5     23.2
  SNOW DEPTH       0

DEGREE DAYS
 HEATING
  YESTERDAY       MM                        10     MM        0
  MONTH TO DATE  213                       310    -97      288
  SINCE MAR 1    760                       994   -234     1084
  SINCE JUL 1   4967                      5201   -234     5566

 COOLING
  YESTERDAY       MM                         1     MM        3
  MONTH TO DATE    4                         8     -4       18
  SINCE MAR 1      8                         9     -1       18
  SINCE JAN 1      8                         9     -1       18
..................................................................


WIND (MPH)
  HIGHEST WIND SPEED    21   HIGHEST WIND DIRECTION    SE (150)
  HIGHEST GUST SPEED    35   HIGHEST GUST DIRECTION    SE (130)
  AVERAGE WIND SPEED    17.0


SKY COVER
  AVERAGE SKY COVER 0.3


WEATHER CONDITIONS
 THE FOLLOWING WEATHER WAS RECORDED YESTERDAY.
  LIGHT RAIN


RELATIVE HUMIDITY (PERCENT)
 HIGHEST    59          1000 PM
 LOWEST     25          1000 AM
 AVERAGE    42

..........................................................


THE CONCORDIA KS CLIMATE NORMALS FOR TODAY
                         NORMAL    RECORD    YEAR
 MAXIMUM TEMPERATURE (F)   68        98      1989
 MINIMUM TEMPERATURE (F)   44        25      2013
                                             1967


SUNRISE AND SUNSET
APRIL 24 2015.........SUNRISE   641 AM CDT   SUNSET   817 PM CDT
APRIL 25 2015.........SUNRISE   640 AM CDT   SUNSET   818 PM CDT


-  INDICATES NEGATIVE NUMBERS.
R  INDICATES RECORD WAS SET OR TIED.
MM INDICATES DATA IS MISSING.
T  INDICATES TRACE AMOUNT.




$$
