000
CDUS43 KTOP 170640
CLICNK


CLIMATE REPORT
NATIONAL WEATHER SERVICE TOPEKA KS
139 AM CDT FRI APR 17 2015


...................................

...THE CONCORDIA KS CLIMATE SUMMARY FOR APRIL 16 2015...

CLIMATE NORMAL PERIOD 1981 TO 2010
CLIMATE RECORD PERIOD 1885 TO 2015


WEATHER ITEM   OBSERVED TIME   RECORD YEAR NORMAL DEPARTURE LAST
                VALUE   (LST)  VALUE       VALUE  FROM      YEAR
                                                  NORMAL
..................................................................
TEMPERATURE (F)
 YESTERDAY
  MAXIMUM         74    235 PM  91    1964  65      9       71
  MINIMUM         52    113 AM  25    1953  41     11       37
  AVERAGE         63                        53     10       54

PRECIPITATION (IN)
  YESTERDAY        T             0.98 1969   0.08  -0.08     0.00
  MONTH TO DATE    0.70                      1.21  -0.51     0.56
  SINCE MAR 1      0.81                      3.22  -2.41     0.79
  SINCE JAN 1      2.33                      4.59  -2.26     1.98

SNOWFALL (IN)
  YESTERDAY        0.0           T    1973   0.0    0.0      0.0
  MONTH TO DATE    0.0                       0.4   -0.4       T
  SINCE JAN 1      5.6                      13.6   -8.0     16.9
  SINCE JUL 1     11.7                      20.1   -8.4     23.2
  SNOW DEPTH       0

DEGREE DAYS
 HEATING
  YESTERDAY        2                        12    -10       11
  MONTH TO DATE  150                       232    -82      244
  SINCE MAR 1    697                       916   -219     1040
  SINCE JUL 1   4904                      5123   -219     5522

 COOLING
  YESTERDAY        0                         1     -1        0
  MONTH TO DATE    4                         1      3        8
  SINCE MAR 1      8                         2      6        8
  SINCE JAN 1      8                         2      6        8
..................................................................


WIND (MPH)
  HIGHEST WIND SPEED    17   HIGHEST WIND DIRECTION    SE (130)
  HIGHEST GUST SPEED    25   HIGHEST GUST DIRECTION     E (110)
  AVERAGE WIND SPEED     8.9


SKY COVER
  AVERAGE SKY COVER 0.5


WEATHER CONDITIONS
 THE FOLLOWING WEATHER WAS RECORDED YESTERDAY.
  FOG


RELATIVE HUMIDITY (PERCENT)
 HIGHEST   100           200 AM
 LOWEST     53           300 PM
 AVERAGE    77

..........................................................


THE CONCORDIA KS CLIMATE NORMALS FOR TODAY
                         NORMAL    RECORD    YEAR
 MAXIMUM TEMPERATURE (F)   66        90      1926
 MINIMUM TEMPERATURE (F)   42        21      1907


SUNRISE AND SUNSET
APRIL 17 2015.........SUNRISE   651 AM CDT   SUNSET   810 PM CDT
APRIL 18 2015.........SUNRISE   649 AM CDT   SUNSET   811 PM CDT


-  INDICATES NEGATIVE NUMBERS.
R  INDICATES RECORD WAS SET OR TIED.
MM INDICATES DATA IS MISSING.
T  INDICATES TRACE AMOUNT.




$$
