000
CDUS43 KTOP 182137
CLICNK


CLIMATE REPORT
NATIONAL WEATHER SERVICE TOPEKA KS
437 PM CDT SAT APR 18 2015


...................................

...THE CONCORDIA KS CLIMATE SUMMARY FOR APRIL 18 2015...
VALID TODAY AS OF 0400 PM LOCAL TIME.

CLIMATE NORMAL PERIOD 1981 TO 2010
CLIMATE RECORD PERIOD 1885 TO 2015


WEATHER ITEM   OBSERVED TIME   RECORD YEAR NORMAL DEPARTURE LAST
                VALUE   (LST)  VALUE       VALUE  FROM      YEAR
                                                  NORMAL
..................................................................
TEMPERATURE (F)
 TODAY
  MAXIMUM         75    238 PM  92    1994  66      9       72
  MINIMUM         57    614 AM  27    1953  42     15       30
  AVERAGE         66                        54     12       51

PRECIPITATION (IN)
  TODAY            0.04          1.07 1970   0.07  -0.03     0.00
  MONTH TO DATE    0.74                      1.36  -0.62     0.56
  SINCE MAR 1      0.85                      3.37  -2.52     0.79
  SINCE JAN 1      2.37                      4.74  -2.37     1.98

SNOWFALL (IN)
  TODAY            0.0           T    2008   0.1   -0.1      0.0
  MONTH TO DATE    0.0                       0.5   -0.5       T
  SINCE JAN 1      5.6                      13.7   -8.1     16.9
  SINCE JUL 1     11.7                      20.2   -8.5     23.2
  SNOW DEPTH       0

DEGREE DAYS
 HEATING
  TODAY            0                        12    -12       14
  MONTH TO DATE  151                       256   -105      278
  SINCE MAR 1    698                       940   -242     1074
  SINCE JUL 1   4905                      5147   -242     5556

 COOLING
  TODAY            1                         1      0        0
  MONTH TO DATE    5                         3      2        8
  SINCE MAR 1      9                         4      5        8
  SINCE JAN 1      9                         4      5        8
..................................................................


WIND (MPH)
  HIGHEST WIND SPEED    14   HIGHEST WIND DIRECTION    SE (130)
  HIGHEST GUST SPEED    18   HIGHEST GUST DIRECTION    SE (130)
  AVERAGE WIND SPEED     5.7



WEATHER CONDITIONS
 THE FOLLOWING WEATHER WAS RECORDED TODAY.
  THUNDERSTORM
  LIGHT RAIN
  FOG


RELATIVE HUMIDITY (PERCENT)
 HIGHEST   100           400 AM
 LOWEST     49           300 PM
 AVERAGE    75

..........................................................


THE CONCORDIA KS CLIMATE NORMALS FOR TOMORROW
                         NORMAL    RECORD    YEAR
 MAXIMUM TEMPERATURE (F)   66        89      1955
 MINIMUM TEMPERATURE (F)   42        27      2013


SUNRISE AND SUNSET
APRIL 18 2015.........SUNRISE   649 AM CDT   SUNSET   811 PM CDT
APRIL 19 2015.........SUNRISE   648 AM CDT   SUNSET   812 PM CDT


-  INDICATES NEGATIVE NUMBERS.
R  INDICATES RECORD WAS SET OR TIED.
MM INDICATES DATA IS MISSING.
T  INDICATES TRACE AMOUNT.




$$
