000
CDUS43 KTOP 290632
CLICNK


CLIMATE REPORT
NATIONAL WEATHER SERVICE TOPEKA KS
132 AM CDT WED APR 29 2015


...................................

...THE CONCORDIA KS CLIMATE SUMMARY FOR APRIL 28 2015...

CLIMATE NORMAL PERIOD 1981 TO 2010
CLIMATE RECORD PERIOD 1885 TO 2015


WEATHER ITEM   OBSERVED TIME   RECORD YEAR NORMAL DEPARTURE LAST
                VALUE   (LST)  VALUE       VALUE  FROM      YEAR
                                                  NORMAL
..................................................................
TEMPERATURE (F)
 YESTERDAY
  MAXIMUM         73    358 PM  94    1910  69      4       54
  MINIMUM         39    544 AM  29    1965  46     -7       41
  AVERAGE         56                        57     -1       48

PRECIPITATION (IN)
  YESTERDAY        0.00          0.85 1917   0.09  -0.09     0.03
  MONTH TO DATE    2.23                      2.25  -0.02     1.00
  SINCE MAR 1      2.34                      4.26  -1.92     1.23
  SINCE JAN 1      3.86                      5.63  -1.77     2.42

SNOWFALL (IN)
  YESTERDAY        0.0           T    1994   0.0    0.0      0.0
  MONTH TO DATE    0.0                       0.5   -0.5       T
  SINCE JAN 1      5.6                      13.7   -8.1     16.9
  SINCE JUL 1     11.7                      20.2   -8.5     23.2
  SNOW DEPTH       0

DEGREE DAYS
 HEATING
  YESTERDAY        9                         9      0       17
  MONTH TO DATE  263                       357    -94      309
  SINCE MAR 1    810                      1041   -231     1105
  SINCE JUL 1   5017                      5248   -231     5587

 COOLING
  YESTERDAY        0                         1     -1        0
  MONTH TO DATE    4                        13     -9       25
  SINCE MAR 1      8                        14     -6       25
  SINCE JAN 1      8                        14     -6       25
..................................................................


WIND (MPH)
  HIGHEST WIND SPEED    17   HIGHEST WIND DIRECTION     N (10)
  HIGHEST GUST SPEED    24   HIGHEST GUST DIRECTION     N (20)
  AVERAGE WIND SPEED     8.0


SKY COVER
  AVERAGE SKY COVER 0.0


WEATHER CONDITIONS
 THE FOLLOWING WEATHER WAS RECORDED YESTERDAY.
  NO SIGNIFICANT WEATHER WAS OBSERVED.


RELATIVE HUMIDITY (PERCENT)
 HIGHEST    79           400 AM
 LOWEST     23           300 PM
 AVERAGE    51

..........................................................


THE CONCORDIA KS CLIMATE NORMALS FOR TODAY
                         NORMAL    RECORD    YEAR
 MAXIMUM TEMPERATURE (F)   69        96      1891
 MINIMUM TEMPERATURE (F)   46        28      1903


SUNRISE AND SUNSET
APRIL 29 2015.........SUNRISE   634 AM CDT   SUNSET   822 PM CDT
APRIL 30 2015.........SUNRISE   633 AM CDT   SUNSET   823 PM CDT


-  INDICATES NEGATIVE NUMBERS.
R  INDICATES RECORD WAS SET OR TIED.
MM INDICATES DATA IS MISSING.
T  INDICATES TRACE AMOUNT.




$$
