000
CDUS43 KTOP 230634
CLICNK


CLIMATE REPORT
NATIONAL WEATHER SERVICE TOPEKA KS
133 AM CDT MON MAR 23 2015


...................................

...THE CONCORDIA KS CLIMATE SUMMARY FOR MARCH 22 2015...

CLIMATE NORMAL PERIOD 1981 TO 2010
CLIMATE RECORD PERIOD 1885 TO 2015


WEATHER ITEM   OBSERVED TIME   RECORD YEAR NORMAL DEPARTURE LAST
                VALUE   (LST)  VALUE       VALUE  FROM      YEAR
                                                  NORMAL
..................................................................
TEMPERATURE (F)
 YESTERDAY
  MAXIMUM         74    515 PM  89    1910  57     17       37
  MINIMUM         36    629 AM   9    2002  33      3       22
  AVERAGE         55                        45     10       30

PRECIPITATION (IN)
  YESTERDAY        0.00          2.04 1979   0.08  -0.08     0.02
  MONTH TO DATE    T                         1.30  -1.30     0.12
  SINCE MAR 1      T                         1.30  -1.30     0.12
  SINCE JAN 1      1.52                      2.67  -1.15     1.31

SNOWFALL (IN)
  YESTERDAY        0.0           3.4  1952   0.1   -0.1      0.7
  MONTH TO DATE    0.0                       1.8   -1.8      1.4
  SINCE JAN 1      5.6                      12.2   -6.6     16.1
  SINCE JUL 1     11.7                      18.7   -7.0     22.4
  SNOW DEPTH       0

DEGREE DAYS
 HEATING
  YESTERDAY       10                        20    -10       35
  MONTH TO DATE  396                       519   -123      596
  SINCE MAR 1    396                       519   -123      596
  SINCE JUL 1   4603                      4726   -123     5078

 COOLING
  YESTERDAY        0                         0      0        0
  MONTH TO DATE    4                         0      4        0
  SINCE MAR 1      4                         0      4        0
  SINCE JAN 1      4                         0      4        0
..................................................................


WIND (MPH)
  HIGHEST WIND SPEED    24   HIGHEST WIND DIRECTION    NW (330)
  HIGHEST GUST SPEED    32   HIGHEST GUST DIRECTION     N (340)
  AVERAGE WIND SPEED    10.4


SKY COVER
  AVERAGE SKY COVER 0.1


WEATHER CONDITIONS
 THE FOLLOWING WEATHER WAS RECORDED YESTERDAY.
  NO SIGNIFICANT WEATHER WAS OBSERVED.


RELATIVE HUMIDITY (PERCENT)
 HIGHEST    79           600 AM
 LOWEST     33           300 PM
 AVERAGE    56

..........................................................


THE CONCORDIA KS CLIMATE NORMALS FOR TODAY
                         NORMAL    RECORD    YEAR
 MAXIMUM TEMPERATURE (F)   57        89      1910
 MINIMUM TEMPERATURE (F)   34        10      1968
                                             1965


SUNRISE AND SUNSET
MARCH 23 2015.........SUNRISE   730 AM CDT   SUNSET   745 PM CDT
MARCH 24 2015.........SUNRISE   728 AM CDT   SUNSET   746 PM CDT


-  INDICATES NEGATIVE NUMBERS.
R  INDICATES RECORD WAS SET OR TIED.
MM INDICATES DATA IS MISSING.
T  INDICATES TRACE AMOUNT.




$$
