000
CDUS43 KTOP 090638
CLICNK


CLIMATE REPORT
NATIONAL WEATHER SERVICE TOPEKA KS
138 AM CDT THU APR 9 2015


...................................

...THE CONCORDIA KS CLIMATE SUMMARY FOR APRIL 8 2015...

CLIMATE NORMAL PERIOD 1981 TO 2010
CLIMATE RECORD PERIOD 1885 TO 2015


WEATHER ITEM   OBSERVED TIME   RECORD YEAR NORMAL DEPARTURE LAST
                VALUE   (LST)  VALUE       VALUE  FROM      YEAR
                                                  NORMAL
..................................................................
TEMPERATURE (F)
 YESTERDAY
  MAXIMUM         52    530 PM  89    1887  63    -11       62
  MINIMUM         43    637 AM  15    2007  39      4       34
  AVERAGE         48                        51     -3       48

PRECIPITATION (IN)
  YESTERDAY        0.00          1.28 1961   0.07  -0.07     0.00
  MONTH TO DATE    0.08                      0.60  -0.52     0.53
  SINCE MAR 1      0.19                      2.61  -2.42     0.76
  SINCE JAN 1      1.71                      3.98  -2.27     1.95

SNOWFALL (IN)
  YESTERDAY        0.0           5.5  1961   0.0    0.0      0.0
  MONTH TO DATE    0.0                       0.3   -0.3       T
  SINCE JAN 1      5.6                      13.5   -7.9     16.9
  SINCE JUL 1     11.7                      20.0   -8.3     23.2
  SNOW DEPTH       0

DEGREE DAYS
 HEATING
  YESTERDAY       17                        15      2       17
  MONTH TO DATE   80                       126    -46      157
  SINCE MAR 1    627                       810   -183      953
  SINCE JUL 1   4834                      5017   -183     5435

 COOLING
  YESTERDAY        0                         0      0        0
  MONTH TO DATE    4                         0      4        0
  SINCE MAR 1      8                         1      7        0
  SINCE JAN 1      8                         1      7        0
..................................................................


WIND (MPH)
  HIGHEST WIND SPEED    16   HIGHEST WIND DIRECTION     E (80)
  HIGHEST GUST SPEED    22   HIGHEST GUST DIRECTION     E (80)
  AVERAGE WIND SPEED     8.8


SKY COVER
  AVERAGE SKY COVER 1.0


WEATHER CONDITIONS
 THE FOLLOWING WEATHER WAS RECORDED YESTERDAY.
  FOG
  FOG W/VISIBILITY <= 1/4 MILE


RELATIVE HUMIDITY (PERCENT)
 HIGHEST   100           100 AM
 LOWEST     83           200 PM
 AVERAGE    92

..........................................................


THE CONCORDIA KS CLIMATE NORMALS FOR TODAY
                         NORMAL    RECORD    YEAR
 MAXIMUM TEMPERATURE (F)   63        93      1930
 MINIMUM TEMPERATURE (F)   39        19      1914


SUNRISE AND SUNSET
APRIL  9 2015.........SUNRISE   703 AM CDT   SUNSET   802 PM CDT
APRIL 10 2015.........SUNRISE   701 AM CDT   SUNSET   803 PM CDT


-  INDICATES NEGATIVE NUMBERS.
R  INDICATES RECORD WAS SET OR TIED.
MM INDICATES DATA IS MISSING.
T  INDICATES TRACE AMOUNT.




$$
