000
CDUS43 KTOP 230636
CLICNK


CLIMATE REPORT
NATIONAL WEATHER SERVICE TOPEKA KS
135 AM CDT THU APR 23 2015


...................................

...THE CONCORDIA KS CLIMATE SUMMARY FOR APRIL 22 2015...

CLIMATE NORMAL PERIOD 1981 TO 2010
CLIMATE RECORD PERIOD 1885 TO 2015


WEATHER ITEM   OBSERVED TIME   RECORD YEAR NORMAL DEPARTURE LAST
                VALUE   (LST)  VALUE       VALUE  FROM      YEAR
                                                  NORMAL
..................................................................
TEMPERATURE (F)
 YESTERDAY
  MAXIMUM         56    400 PM  97    1989  67    -11       75
  MINIMUM         35        MM  30    1992  44     -9       36
  AVERAGE         46                        55     -9       56

PRECIPITATION (IN)
  YESTERDAY        0.00          1.33 2010   0.09  -0.09     0.00
  MONTH TO DATE    1.07                      1.70  -0.63     0.58
  SINCE MAR 1      1.18                      3.71  -2.53     0.81
  SINCE JAN 1      2.70                      5.08  -2.38     2.00

SNOWFALL (IN)
  YESTERDAY        0.0           T    1968   0.0    0.0      0.0
  MONTH TO DATE    0.0                       0.5   -0.5       T
  SINCE JAN 1      5.6                      13.7   -8.1     16.9
  SINCE JUL 1     11.7                      20.2   -8.5     23.2
  SNOW DEPTH       0

DEGREE DAYS
 HEATING
  YESTERDAY       19                        11      8        9
  MONTH TO DATE  213                       300    -87      288
  SINCE MAR 1    760                       984   -224     1084
  SINCE JUL 1   4967                      5191   -224     5566

 COOLING
  YESTERDAY        0                         1     -1        0
  MONTH TO DATE    4                         7     -3       15
  SINCE MAR 1      8                         8      0       15
  SINCE JAN 1      8                         8      0       15
..................................................................


WIND (MPH)
  HIGHEST WIND SPEED    MM   HIGHEST WIND DIRECTION    MM
  HIGHEST GUST SPEED    MM   HIGHEST GUST DIRECTION    MM
  AVERAGE WIND SPEED    MM


SKY COVER
  AVERAGE SKY COVER 0.0


WEATHER CONDITIONS
 THE FOLLOWING WEATHER WAS RECORDED YESTERDAY.
  NO SIGNIFICANT WEATHER WAS OBSERVED.


RELATIVE HUMIDITY (PERCENT)
 HIGHEST    MM
 LOWEST     MM
 AVERAGE    MM

..........................................................


THE CONCORDIA KS CLIMATE NORMALS FOR TODAY
                         NORMAL    RECORD    YEAR
 MAXIMUM TEMPERATURE (F)   67        95      1989
 MINIMUM TEMPERATURE (F)   44        29      2013
                                             1967


SUNRISE AND SUNSET
APRIL 23 2015.........SUNRISE   642 AM CDT   SUNSET   816 PM CDT
APRIL 24 2015.........SUNRISE   641 AM CDT   SUNSET   817 PM CDT


-  INDICATES NEGATIVE NUMBERS.
R  INDICATES RECORD WAS SET OR TIED.
MM INDICATES DATA IS MISSING.
T  INDICATES TRACE AMOUNT.

$$
