000
CDUS43 KTOP 010631
CLICNK


CLIMATE REPORT
NATIONAL WEATHER SERVICE TOPEKA KS
131 AM CDT WED APR 1 2015


...................................

...THE CONCORDIA KS CLIMATE SUMMARY FOR MARCH 31 2015...

CLIMATE NORMAL PERIOD 1981 TO 2010
CLIMATE RECORD PERIOD 1885 TO 2015


WEATHER ITEM   OBSERVED TIME   RECORD YEAR NORMAL DEPARTURE LAST
                VALUE   (LST)  VALUE       VALUE  FROM      YEAR
                                                  NORMAL
..................................................................
TEMPERATURE (F)
 YESTERDAY
  MAXIMUM         80    359 PM  92    1946  60     20       68
  MINIMUM         47    406 AM  10    1886  36     11       32
  AVERAGE         64                        48     16       50

PRECIPITATION (IN)
  YESTERDAY        0.00          1.33 1927   0.09  -0.09     0.00
  MONTH TO DATE    0.11                      2.01  -1.90     0.23
  SINCE MAR 1      0.11                      2.01  -1.90     0.23
  SINCE JAN 1      1.63                      3.38  -1.75     1.42

SNOWFALL (IN)
  YESTERDAY        0.0           3.0  1970   0.1   -0.1      0.0
  MONTH TO DATE    0.0                       2.8   -2.8      2.2
  SINCE JAN 1      5.6                      13.2   -7.6     16.9
  SINCE JUL 1     11.7                      19.7   -8.0     23.2
  SNOW DEPTH       0

DEGREE DAYS
 HEATING
  YESTERDAY        1                        17    -16       15
  MONTH TO DATE  547                       684   -137      796
  SINCE MAR 1    547                       684   -137      796
  SINCE JUL 1   4754                      4891   -137     5278

 COOLING
  YESTERDAY        0                         0      0        0
  MONTH TO DATE    4                         1      3        0
  SINCE MAR 1      4                         1      3        0
  SINCE JAN 1      4                         1      3        0
..................................................................


WIND (MPH)
  HIGHEST WIND SPEED    18   HIGHEST WIND DIRECTION    SE (150)
  HIGHEST GUST SPEED    23   HIGHEST GUST DIRECTION     S (160)
  AVERAGE WIND SPEED     8.1


SKY COVER
  AVERAGE SKY COVER 0.0


WEATHER CONDITIONS
 THE FOLLOWING WEATHER WAS RECORDED YESTERDAY.
  NO SIGNIFICANT WEATHER WAS OBSERVED.


RELATIVE HUMIDITY (PERCENT)
 HIGHEST    61           100 AM
 LOWEST     16           300 PM
 AVERAGE    39

..........................................................


THE CONCORDIA KS CLIMATE NORMALS FOR TODAY
                         NORMAL    RECORD    YEAR
 MAXIMUM TEMPERATURE (F)   61        90      1940
 MINIMUM TEMPERATURE (F)   36        19      1972
                                             1936


SUNRISE AND SUNSET
APRIL  1 2015.........SUNRISE   715 AM CDT   SUNSET   754 PM CDT
APRIL  2 2015.........SUNRISE   714 AM CDT   SUNSET   755 PM CDT


-  INDICATES NEGATIVE NUMBERS.
R  INDICATES RECORD WAS SET OR TIED.
MM INDICATES DATA IS MISSING.
T  INDICATES TRACE AMOUNT.




$$
