000
CDUS43 KTOP 220634
CLICNK


CLIMATE REPORT
NATIONAL WEATHER SERVICE TOPEKA KS
132 AM CDT WED APR 22 2015


...................................

...THE CONCORDIA KS CLIMATE SUMMARY FOR APRIL 21 2015...

CLIMATE NORMAL PERIOD 1981 TO 2010
CLIMATE RECORD PERIOD 1885 TO 2015


WEATHER ITEM   OBSERVED TIME   RECORD YEAR NORMAL DEPARTURE LAST
                VALUE   (LST)  VALUE       VALUE  FROM      YEAR
                                                  NORMAL
..................................................................
TEMPERATURE (F)
 YESTERDAY
  MAXIMUM         72    538 PM  93    1989  67      5       77
                                      1888
  MINIMUM         35    621 AM  24    1966  43     -8       50
  AVERAGE         54                        55     -1       64

PRECIPITATION (IN)
  YESTERDAY        T             0.86 1968   0.09  -0.09     0.01
  MONTH TO DATE    1.07                      1.61  -0.54     0.58
  SINCE MAR 1      1.18                      3.62  -2.44     0.81
  SINCE JAN 1      2.70                      4.99  -2.29     2.00

SNOWFALL (IN)
  YESTERDAY        0.0           0.5  1992   0.0    0.0      0.0
  MONTH TO DATE    0.0                       0.5   -0.5       T
  SINCE JAN 1      5.6                      13.7   -8.1     16.9
  SINCE JUL 1     11.7                      20.2   -8.5     23.2
  SNOW DEPTH       0

DEGREE DAYS
 HEATING
  YESTERDAY       11                        11      0        1
  MONTH TO DATE  194                       289    -95      279
  SINCE MAR 1    741                       973   -232     1075
  SINCE JUL 1   4948                      5180   -232     5557

 COOLING
  YESTERDAY        0                         1     -1        0
  MONTH TO DATE    4                         6     -2       15
  SINCE MAR 1      8                         7      1       15
  SINCE JAN 1      8                         7      1       15
..................................................................


WIND (MPH)
  HIGHEST WIND SPEED    26   HIGHEST WIND DIRECTION     N (20)
  HIGHEST GUST SPEED    35   HIGHEST GUST DIRECTION    NE (30)
  AVERAGE WIND SPEED     9.1


SKY COVER
  AVERAGE SKY COVER 0.2


WEATHER CONDITIONS
 THE FOLLOWING WEATHER WAS RECORDED YESTERDAY.
  LIGHT RAIN


RELATIVE HUMIDITY (PERCENT)
 HIGHEST    82           600 AM
 LOWEST     20           300 PM
 AVERAGE    51

..........................................................


THE CONCORDIA KS CLIMATE NORMALS FOR TODAY
                         NORMAL    RECORD    YEAR
 MAXIMUM TEMPERATURE (F)   67        97      1989
 MINIMUM TEMPERATURE (F)   44        30      1992


SUNRISE AND SUNSET
APRIL 22 2015.........SUNRISE   644 AM CDT   SUNSET   815 PM CDT
APRIL 23 2015.........SUNRISE   642 AM CDT   SUNSET   816 PM CDT


-  INDICATES NEGATIVE NUMBERS.
R  INDICATES RECORD WAS SET OR TIED.
MM INDICATES DATA IS MISSING.
T  INDICATES TRACE AMOUNT.




$$
