000
CDUS43 KTOP 010704
CLICNK


CLIMATE REPORT
NATIONAL WEATHER SERVICE TOPEKA KS
158 AM CDT FRI MAY 1 2015


...................................

...THE CONCORDIA KS CLIMATE SUMMARY FOR APRIL 30 2015...

CLIMATE NORMAL PERIOD 1981 TO 2010
CLIMATE RECORD PERIOD 1885 TO 2015


WEATHER ITEM   OBSERVED TIME   RECORD YEAR NORMAL DEPARTURE LAST
                VALUE   (LST)  VALUE       VALUE  FROM      YEAR
                                                  NORMAL
..................................................................
TEMPERATURE (F)
 YESTERDAY
  MAXIMUM         76    409 PM  92    1965  69      7       57
  MINIMUM         40    557 AM  22    1907  47     -7       40
  AVERAGE         58                        58      0       49

PRECIPITATION (IN)
  YESTERDAY        0.00          1.20 1972   0.10  -0.10     0.00
  MONTH TO DATE    2.23                      2.45  -0.22     1.29
  SINCE MAR 1      2.34                      4.46  -2.12     1.52
  SINCE JAN 1      3.86                      5.83  -1.97     2.71

SNOWFALL (IN)
  YESTERDAY        0.0           T    1994   0.0    0.0      0.0
  MONTH TO DATE    0.0                       0.5   -0.5       T
  SINCE JAN 1      5.6                      13.7   -8.1     16.9
  SINCE JUL 1     11.7                      20.2   -8.5     23.2
  SNOW DEPTH       0

DEGREE DAYS
 HEATING
  YESTERDAY        7                         8     -1       16
  MONTH TO DATE  289                       373    -84      349
  SINCE MAR 1    836                      1057   -221     1145
  SINCE JUL 1   5043                      5264   -221     5627

 COOLING
  YESTERDAY        0                         1     -1        0
  MONTH TO DATE    4                        16    -12       25
  SINCE MAR 1      8                        17     -9       25
  SINCE JAN 1      8                        17     -9       25
..................................................................


WIND (MPH)
  HIGHEST WIND SPEED    14   HIGHEST WIND DIRECTION     S (160)
  HIGHEST GUST SPEED    18   HIGHEST GUST DIRECTION    SE (130)
  AVERAGE WIND SPEED     6.4


SKY COVER
  AVERAGE SKY COVER 0.0


WEATHER CONDITIONS
 THE FOLLOWING WEATHER WAS RECORDED YESTERDAY.
  NO SIGNIFICANT WEATHER WAS OBSERVED.


RELATIVE HUMIDITY (PERCENT)
 HIGHEST    85           600 AM
 LOWEST     23           400 PM
 AVERAGE    54

..........................................................


THE CONCORDIA KS CLIMATE NORMALS FOR TODAY
                         NORMAL    RECORD    YEAR
 MAXIMUM TEMPERATURE (F)   70        92      1959
 MINIMUM TEMPERATURE (F)   47        24      1909


SUNRISE AND SUNSET
MAY  1 2015...........SUNRISE   632 AM CDT   SUNSET   824 PM CDT
MAY  2 2015...........SUNRISE   631 AM CDT   SUNSET   825 PM CDT


-  INDICATES NEGATIVE NUMBERS.
R  INDICATES RECORD WAS SET OR TIED.
MM INDICATES DATA IS MISSING.
T  INDICATES TRACE AMOUNT.




$$
