000
CDUS43 KTOP 130647
CLICNK


CLIMATE REPORT
NATIONAL WEATHER SERVICE TOPEKA KS
147 AM CDT MON APR 13 2015


...................................

...THE CONCORDIA KS CLIMATE SUMMARY FOR APRIL 12 2015...

CLIMATE NORMAL PERIOD 1981 TO 2010
CLIMATE RECORD PERIOD 1885 TO 2015


WEATHER ITEM   OBSERVED TIME   RECORD YEAR NORMAL DEPARTURE LAST
                VALUE   (LST)  VALUE       VALUE  FROM      YEAR
                                                  NORMAL
..................................................................
TEMPERATURE (F)
 YESTERDAY
  MAXIMUM         76    223 PM  87    1899  64     12       85
  MINIMUM         52    651 AM  19    1940  40     12       59
  AVERAGE         64                        52     12       72

PRECIPITATION (IN)
  YESTERDAY        0.62          1.55 1901   0.07   0.55     0.00
  MONTH TO DATE    0.70                      0.90  -0.20     0.53
  SINCE MAR 1      0.81                      2.91  -2.10     0.76
  SINCE JAN 1      2.33                      4.28  -1.95     1.95

SNOWFALL (IN)
  YESTERDAY        0.0           0.4  1970   0.0    0.0      0.0
  MONTH TO DATE    0.0                       0.4   -0.4       T
  SINCE JAN 1      5.6                      13.6   -8.0     16.9
  SINCE JUL 1     11.7                      20.1   -8.4     23.2
  SNOW DEPTH       0

DEGREE DAYS
 HEATING
  YESTERDAY        1                        13    -12        0
  MONTH TO DATE  120                       181    -61      169
  SINCE MAR 1    667                       865   -198      965
  SINCE JUL 1   4874                      5072   -198     5447

 COOLING
  YESTERDAY        0                         0      0        7
  MONTH TO DATE    4                         0      4        8
  SINCE MAR 1      8                         1      7        8
  SINCE JAN 1      8                         1      7        8
..................................................................


WIND (MPH)
  HIGHEST WIND SPEED    32   HIGHEST WIND DIRECTION    NW (310)
  HIGHEST GUST SPEED    44   HIGHEST GUST DIRECTION    NW (310)
  AVERAGE WIND SPEED    14.9


SKY COVER
  AVERAGE SKY COVER 0.4


WEATHER CONDITIONS
 THE FOLLOWING WEATHER WAS RECORDED YESTERDAY.
  THUNDERSTORM
  HEAVY RAIN
  LIGHT RAIN
  FOG


RELATIVE HUMIDITY (PERCENT)
 HIGHEST   100           900 PM
 LOWEST     49          1100 AM
 AVERAGE    75

..........................................................


THE CONCORDIA KS CLIMATE NORMALS FOR TODAY
                         NORMAL    RECORD    YEAR
 MAXIMUM TEMPERATURE (F)   64        89      1936
 MINIMUM TEMPERATURE (F)   40        19      1950


SUNRISE AND SUNSET
APRIL 13 2015.........SUNRISE   657 AM CDT   SUNSET   806 PM CDT
APRIL 14 2015.........SUNRISE   655 AM CDT   SUNSET   807 PM CDT


-  INDICATES NEGATIVE NUMBERS.
R  INDICATES RECORD WAS SET OR TIED.
MM INDICATES DATA IS MISSING.
T  INDICATES TRACE AMOUNT.




$$
