000
CDUS43 KTOP 180639
CLICNK


CLIMATE REPORT
NATIONAL WEATHER SERVICE TOPEKA KS
139 AM CDT SAT APR 18 2015


...................................

...THE CONCORDIA KS CLIMATE SUMMARY FOR APRIL 17 2015...

CLIMATE NORMAL PERIOD 1981 TO 2010
CLIMATE RECORD PERIOD 1885 TO 2015


WEATHER ITEM   OBSERVED TIME   RECORD YEAR NORMAL DEPARTURE LAST
                VALUE   (LST)  VALUE       VALUE  FROM      YEAR
                                                  NORMAL
..................................................................
TEMPERATURE (F)
 YESTERDAY
  MAXIMUM         75    209 PM  90    1926  66      9       56
  MINIMUM         53    450 AM  21    1907  42     11       33
  AVERAGE         64                        54     10       45

PRECIPITATION (IN)
  YESTERDAY        0.00          2.12 2013   0.08  -0.08     0.00
  MONTH TO DATE    0.70                      1.29  -0.59     0.56
  SINCE MAR 1      0.81                      3.30  -2.49     0.79
  SINCE JAN 1      2.33                      4.67  -2.34     1.98

SNOWFALL (IN)
  YESTERDAY        0.0           T    1922   0.0    0.0      0.0
  MONTH TO DATE    0.0                       0.4   -0.4       T
  SINCE JAN 1      5.6                      13.6   -8.0     16.9
  SINCE JUL 1     11.7                      20.1   -8.4     23.2
  SNOW DEPTH       0

DEGREE DAYS
 HEATING
  YESTERDAY        1                        12    -11       20
  MONTH TO DATE  151                       244    -93      264
  SINCE MAR 1    698                       928   -230     1060
  SINCE JUL 1   4905                      5135   -230     5542

 COOLING
  YESTERDAY        0                         1     -1        0
  MONTH TO DATE    4                         2      2        8
  SINCE MAR 1      8                         3      5        8
  SINCE JAN 1      8                         3      5        8
..................................................................


WIND (MPH)
  HIGHEST WIND SPEED    15   HIGHEST WIND DIRECTION     E (100)
  HIGHEST GUST SPEED    20   HIGHEST GUST DIRECTION     E (100)
  AVERAGE WIND SPEED     6.0


SKY COVER
  AVERAGE SKY COVER 0.5


WEATHER CONDITIONS
 THE FOLLOWING WEATHER WAS RECORDED YESTERDAY.
  THUNDERSTORM


RELATIVE HUMIDITY (PERCENT)
 HIGHEST   100           500 AM
 LOWEST     57           300 PM
 AVERAGE    79

..........................................................


THE CONCORDIA KS CLIMATE NORMALS FOR TODAY
                         NORMAL    RECORD    YEAR
 MAXIMUM TEMPERATURE (F)   66        92      1994
 MINIMUM TEMPERATURE (F)   42        27      1953


SUNRISE AND SUNSET
APRIL 18 2015.........SUNRISE   649 AM CDT   SUNSET   811 PM CDT
APRIL 19 2015.........SUNRISE   648 AM CDT   SUNSET   812 PM CDT


-  INDICATES NEGATIVE NUMBERS.
R  INDICATES RECORD WAS SET OR TIED.
MM INDICATES DATA IS MISSING.
T  INDICATES TRACE AMOUNT.




$$
