000
CDUS43 KTOP 080635
CLICNK


CLIMATE REPORT
NATIONAL WEATHER SERVICE TOPEKA KS
135 AM CDT WED APR 8 2015


...................................

...THE CONCORDIA KS CLIMATE SUMMARY FOR APRIL 7 2015...

CLIMATE NORMAL PERIOD 1981 TO 2010
CLIMATE RECORD PERIOD 1885 TO 2015


WEATHER ITEM   OBSERVED TIME   RECORD YEAR NORMAL DEPARTURE LAST
                VALUE   (LST)  VALUE       VALUE  FROM      YEAR
                                                  NORMAL
..................................................................
TEMPERATURE (F)
 YESTERDAY
  MAXIMUM         61   1146 AM  90    1890  62     -1       65
  MINIMUM         46   1159 PM  17    2009  38      8       39
                                      2007
  AVERAGE         54                        50      4       52

PRECIPITATION (IN)
  YESTERDAY        0.00          1.27 1998   0.08  -0.08     0.10
  MONTH TO DATE    0.08                      0.53  -0.45     0.53
  SINCE MAR 1      0.19                      2.54  -2.35     0.76
  SINCE JAN 1      1.71                      3.91  -2.20     1.95

SNOWFALL (IN)
  YESTERDAY        0.0           1.3  1982   0.1   -0.1      0.0
  MONTH TO DATE    0.0                       0.3   -0.3       T
  SINCE JAN 1      5.6                      13.5   -7.9     16.9
  SINCE JUL 1     11.7                      20.0   -8.3     23.2
  SNOW DEPTH       0

DEGREE DAYS
 HEATING
  YESTERDAY       11                        15     -4       13
  MONTH TO DATE   63                       111    -48      140
  SINCE MAR 1    610                       795   -185      936
  SINCE JUL 1   4817                      5002   -185     5418

 COOLING
  YESTERDAY        0                         0      0        0
  MONTH TO DATE    4                         0      4        0
  SINCE MAR 1      8                         1      7        0
  SINCE JAN 1      8                         1      7        0
..................................................................


WIND (MPH)
  HIGHEST WIND SPEED    18   HIGHEST WIND DIRECTION     N (340)
  HIGHEST GUST SPEED    22   HIGHEST GUST DIRECTION    NW (330)
  AVERAGE WIND SPEED    11.4


SKY COVER
  AVERAGE SKY COVER 1.0


WEATHER CONDITIONS
 THE FOLLOWING WEATHER WAS RECORDED YESTERDAY.
  FOG


RELATIVE HUMIDITY (PERCENT)
 HIGHEST   100           200 AM
 LOWEST     72           100 PM
 AVERAGE    86

..........................................................


THE CONCORDIA KS CLIMATE NORMALS FOR TODAY
                         NORMAL    RECORD    YEAR
 MAXIMUM TEMPERATURE (F)   63        89      1887
 MINIMUM TEMPERATURE (F)   39        15      2007


SUNRISE AND SUNSET
APRIL  8 2015.........SUNRISE   704 AM CDT   SUNSET   801 PM CDT
APRIL  9 2015.........SUNRISE   703 AM CDT   SUNSET   802 PM CDT


-  INDICATES NEGATIVE NUMBERS.
R  INDICATES RECORD WAS SET OR TIED.
MM INDICATES DATA IS MISSING.
T  INDICATES TRACE AMOUNT.




$$
