000
CDUS43 KTOP 150632
CLICNK


CLIMATE REPORT
NATIONAL WEATHER SERVICE TOPEKA KS
132 AM CDT WED APR 15 2015


...................................

...THE CONCORDIA KS CLIMATE SUMMARY FOR APRIL 14 2015...

CLIMATE NORMAL PERIOD 1981 TO 2010
CLIMATE RECORD PERIOD 1885 TO 2015


WEATHER ITEM   OBSERVED TIME   RECORD YEAR NORMAL DEPARTURE LAST
                VALUE   (LST)  VALUE       VALUE  FROM      YEAR
                                                  NORMAL
..................................................................
TEMPERATURE (F)
 YESTERDAY
  MAXIMUM         67    420 PM  90    2002  65      2       49
  MINIMUM         42    618 AM  22    1928  41      1       29
  AVERAGE         55                        53      2       39

PRECIPITATION (IN)
  YESTERDAY        0.00          2.30 1999   0.08  -0.08      T
  MONTH TO DATE    0.70                      1.06  -0.36     0.56
  SINCE MAR 1      0.81                      3.07  -2.26     0.79
  SINCE JAN 1      2.33                      4.44  -2.11     1.98

SNOWFALL (IN)
  YESTERDAY        0.0           T    1983   0.0    0.0      0.0
  MONTH TO DATE    0.0                       0.4   -0.4       T
  SINCE JAN 1      5.6                      13.6   -8.0     16.9
  SINCE JUL 1     11.7                      20.1   -8.4     23.2
  SNOW DEPTH       0

DEGREE DAYS
 HEATING
  YESTERDAY       10                        13     -3       26
  MONTH TO DATE  140                       207    -67      211
  SINCE MAR 1    687                       891   -204     1007
  SINCE JUL 1   4894                      5098   -204     5489

 COOLING
  YESTERDAY        0                         0      0        0
  MONTH TO DATE    4                         0      4        8
  SINCE MAR 1      8                         1      7        8
  SINCE JAN 1      8                         1      7        8
..................................................................


WIND (MPH)
  HIGHEST WIND SPEED    22   HIGHEST WIND DIRECTION    SE (120)
  HIGHEST GUST SPEED    27   HIGHEST GUST DIRECTION    SE (120)
  AVERAGE WIND SPEED     7.4


SKY COVER
  AVERAGE SKY COVER 0.0


WEATHER CONDITIONS
 THE FOLLOWING WEATHER WAS RECORDED YESTERDAY.
  NO SIGNIFICANT WEATHER WAS OBSERVED.


RELATIVE HUMIDITY (PERCENT)
 HIGHEST    76           700 AM
 LOWEST     24           100 PM
 AVERAGE    50

..........................................................


THE CONCORDIA KS CLIMATE NORMALS FOR TODAY
                         NORMAL    RECORD    YEAR
 MAXIMUM TEMPERATURE (F)   65        91      1896
 MINIMUM TEMPERATURE (F)   41        22      2014


SUNRISE AND SUNSET
APRIL 15 2015.........SUNRISE   654 AM CDT   SUNSET   808 PM CDT
APRIL 16 2015.........SUNRISE   652 AM CDT   SUNSET   809 PM CDT


-  INDICATES NEGATIVE NUMBERS.
R  INDICATES RECORD WAS SET OR TIED.
MM INDICATES DATA IS MISSING.
T  INDICATES TRACE AMOUNT.




$$
