000
CDUS43 KTOP 010650
CLITOP


CLIMATE REPORT
NATIONAL WEATHER SERVICE TOPEKA KS
150 AM CDT FRI MAY 1 2015


...................................

...THE TOPEKA KS CLIMATE SUMMARY FOR APRIL 30 2015...

CLIMATE NORMAL PERIOD 1981 TO 2010
CLIMATE RECORD PERIOD 1887 TO 2015


WEATHER ITEM   OBSERVED TIME   RECORD YEAR NORMAL DEPARTURE LAST
                VALUE   (LST)  VALUE       VALUE  FROM      YEAR
                                                  NORMAL
..................................................................
TEMPERATURE (F)
 YESTERDAY
  MAXIMUM         76    318 PM  91    1936  71      5       58
  MINIMUM         41    558 AM  29    1903  49     -8       41
  AVERAGE         59                        60     -1       50

PRECIPITATION (IN)
  YESTERDAY        0.00          2.32 1949   0.15  -0.15      T
  MONTH TO DATE    2.40                      3.53  -1.13     3.45
  SINCE MAR 1      3.17                      6.02  -2.85     4.18
  SINCE JAN 1      5.16                      8.20  -3.04     5.84

SNOWFALL (IN)
  YESTERDAY        0.0           1.4  1903   0.0    0.0      0.0
  MONTH TO DATE    0.0                       0.3   -0.3      0.1
  SINCE JAN 1      7.9                      11.3   -3.4     23.1
  SINCE JUL 1     10.3                      17.8   -7.5     27.4
  SNOW DEPTH       0

DEGREE DAYS
 HEATING
  YESTERDAY        6                         6      0       15
  MONTH TO DATE  228                       322    -94      312
  SINCE MAR 1    781                       950   -169     1022
  SINCE JUL 1   4782                      4917   -135     5344

 COOLING
  YESTERDAY        0                         1     -1        0
  MONTH TO DATE    5                        25    -20       23
  SINCE MAR 1      5                        28    -23       23
  SINCE JAN 1      5                        28    -23       23
..................................................................


WIND (MPH)
  HIGHEST WIND SPEED    14   HIGHEST WIND DIRECTION    NE (50)
  HIGHEST GUST SPEED    18   HIGHEST GUST DIRECTION    NE (50)
  AVERAGE WIND SPEED     2.8


SKY COVER
  AVERAGE SKY COVER 0.0


WEATHER CONDITIONS
 THE FOLLOWING WEATHER WAS RECORDED YESTERDAY.
  FOG


RELATIVE HUMIDITY (PERCENT)
 HIGHEST   100           300 AM
 LOWEST     21           500 PM
 AVERAGE    61

..........................................................


THE TOPEKA KS CLIMATE NORMALS FOR TODAY
                         NORMAL    RECORD    YEAR
 MAXIMUM TEMPERATURE (F)   71        89      1987
 MINIMUM TEMPERATURE (F)   49        26      1963


SUNRISE AND SUNSET
MAY  1 2015...........SUNRISE   625 AM CDT   SUNSET   815 PM CDT
MAY  2 2015...........SUNRISE   623 AM CDT   SUNSET   816 PM CDT


-  INDICATES NEGATIVE NUMBERS.
R  INDICATES RECORD WAS SET OR TIED.
MM INDICATES DATA IS MISSING.
T  INDICATES TRACE AMOUNT.




$$
