000
CDUS43 KTOP 230634
CLITOP


CLIMATE REPORT
NATIONAL WEATHER SERVICE TOPEKA KS
133 AM CDT MON MAR 23 2015


...................................

...THE TOPEKA KS CLIMATE SUMMARY FOR MARCH 22 2015...

CLIMATE NORMAL PERIOD 1981 TO 2010
CLIMATE RECORD PERIOD 1887 TO 2015


WEATHER ITEM   OBSERVED TIME   RECORD YEAR NORMAL DEPARTURE LAST
                VALUE   (LST)  VALUE       VALUE  FROM      YEAR
                                                  NORMAL
..................................................................
TEMPERATURE (F)
 YESTERDAY
  MAXIMUM         73    357 PM  93    1907  59     14       47
  MINIMUM         39    543 AM  10    2002  35      4       27
  AVERAGE         56                        47      9       37

PRECIPITATION (IN)
  YESTERDAY        0.00          0.96 1946   0.09  -0.09     0.05
  MONTH TO DATE    0.38                      1.62  -1.24     0.51
  SINCE MAR 1      0.38                      1.62  -1.24     0.51
  SINCE JAN 1      2.37                      3.80  -1.43     2.17

SNOWFALL (IN)
  YESTERDAY        0.0           1.5  1933   0.1   -0.1      0.9
  MONTH TO DATE    T                         1.3   -1.3      3.3
  SINCE JAN 1      7.9                      10.7   -2.8     22.2
  SINCE JUL 1     10.3                      17.2   -6.9     26.5
  SNOW DEPTH       0

DEGREE DAYS
 HEATING
  YESTERDAY        9                        18     -9       28
  MONTH TO DATE  409                       478    -69      528
  SINCE MAR 1    409                       478    -69      528
  SINCE JUL 1   4410                      4445    -35     4850

 COOLING
  YESTERDAY        0                         0      0        0
  MONTH TO DATE    0                         0      0        0
  SINCE MAR 1      0                         0      0        0
  SINCE JAN 1      0                         0      0        0
..................................................................


WIND (MPH)
  HIGHEST WIND SPEED    20   HIGHEST WIND DIRECTION     S (160)
  HIGHEST GUST SPEED    27   HIGHEST GUST DIRECTION     S (160)
  AVERAGE WIND SPEED     5.8


SKY COVER
  AVERAGE SKY COVER 0.0


WEATHER CONDITIONS
 THE FOLLOWING WEATHER WAS RECORDED YESTERDAY.
  FOG


RELATIVE HUMIDITY (PERCENT)
 HIGHEST    96           400 AM
 LOWEST     29           300 PM
 AVERAGE    63

..........................................................


THE TOPEKA KS CLIMATE NORMALS FOR TODAY
                         NORMAL    RECORD    YEAR
 MAXIMUM TEMPERATURE (F)   59        87      1910
 MINIMUM TEMPERATURE (F)   36        12      1960


SUNRISE AND SUNSET
MARCH 23 2015.........SUNRISE   722 AM CDT   SUNSET   737 PM CDT
MARCH 24 2015.........SUNRISE   720 AM CDT   SUNSET   738 PM CDT


-  INDICATES NEGATIVE NUMBERS.
R  INDICATES RECORD WAS SET OR TIED.
MM INDICATES DATA IS MISSING.
T  INDICATES TRACE AMOUNT.




$$
