000
CDUS43 KTOP 180639
CLITOP


CLIMATE REPORT
NATIONAL WEATHER SERVICE TOPEKA KS
139 AM CDT SAT APR 18 2015


...................................

...THE TOPEKA KS CLIMATE SUMMARY FOR APRIL 17 2015...

CLIMATE NORMAL PERIOD 1981 TO 2010
CLIMATE RECORD PERIOD 1887 TO 2015


WEATHER ITEM   OBSERVED TIME   RECORD YEAR NORMAL DEPARTURE LAST
                VALUE   (LST)  VALUE       VALUE  FROM      YEAR
                                                  NORMAL
..................................................................
TEMPERATURE (F)
 YESTERDAY
  MAXIMUM         74    516 PM  90    1954  67      7       54
  MINIMUM         52    556 AM  27    1956  44      8       37
                                      1907
  AVERAGE         63                        56      7       46

PRECIPITATION (IN)
  YESTERDAY        0.05          2.10 1976   0.11  -0.06     0.00
  MONTH TO DATE    1.08                      1.83  -0.75     1.29
  SINCE MAR 1      1.85                      4.32  -2.47     2.02
  SINCE JAN 1      3.84                      6.50  -2.66     3.68

SNOWFALL (IN)
  YESTERDAY        0.0           T    1993   0.0    0.0      0.0
  MONTH TO DATE    0.0                       0.3   -0.3      0.1
  SINCE JAN 1      7.9                      11.3   -3.4     23.1
  SINCE JUL 1     10.3                      17.8   -7.5     27.4
  SNOW DEPTH       0

DEGREE DAYS
 HEATING
  YESTERDAY        2                        10     -8       19
  MONTH TO DATE  112                       215   -103      242
  SINCE MAR 1    665                       843   -178      952
  SINCE JUL 1   4666                      4810   -144     5274

 COOLING
  YESTERDAY        0                         1     -1        0
  MONTH TO DATE    5                        10     -5        5
  SINCE MAR 1      5                        13     -8        5
  SINCE JAN 1      5                        13     -8        5
..................................................................


WIND (MPH)
  HIGHEST WIND SPEED    13   HIGHEST WIND DIRECTION    SE (130)
  HIGHEST GUST SPEED    16   HIGHEST GUST DIRECTION    SE (120)
  AVERAGE WIND SPEED     4.1


SKY COVER
  AVERAGE SKY COVER 0.3


WEATHER CONDITIONS
 THE FOLLOWING WEATHER WAS RECORDED YESTERDAY.
  LIGHT RAIN
  FOG
  FOG W/VISIBILITY <= 1/4 MILE
  HAZE


RELATIVE HUMIDITY (PERCENT)
 HIGHEST   100           600 AM
 LOWEST     61          1100 AM
 AVERAGE    81

..........................................................


THE TOPEKA KS CLIMATE NORMALS FOR TODAY
                         NORMAL    RECORD    YEAR
 MAXIMUM TEMPERATURE (F)   68        92      1948
 MINIMUM TEMPERATURE (F)   44        30      1961


SUNRISE AND SUNSET
APRIL 18 2015.........SUNRISE   642 AM CDT   SUNSET   803 PM CDT
APRIL 19 2015.........SUNRISE   640 AM CDT   SUNSET   804 PM CDT


-  INDICATES NEGATIVE NUMBERS.
R  INDICATES RECORD WAS SET OR TIED.
MM INDICATES DATA IS MISSING.
T  INDICATES TRACE AMOUNT.




$$
