000
CDUS43 KTOP 300636
CLITOP


CLIMATE REPORT
NATIONAL WEATHER SERVICE TOPEKA KS
136 AM CDT THU APR 30 2015


...................................

...THE TOPEKA KS CLIMATE SUMMARY FOR APRIL 29 2015...

CLIMATE NORMAL PERIOD 1981 TO 2010
CLIMATE RECORD PERIOD 1887 TO 2015


WEATHER ITEM   OBSERVED TIME   RECORD YEAR NORMAL DEPARTURE LAST
                VALUE   (LST)  VALUE       VALUE  FROM      YEAR
                                                  NORMAL
..................................................................
TEMPERATURE (F)
 YESTERDAY
  MAXIMUM         73    402 PM  95    1987  71      2       50
                                      1910
  MINIMUM         43    545 AM  31    1892  49     -6       45
  AVERAGE         58                        60     -2       48

PRECIPITATION (IN)
  YESTERDAY        0.00          1.56 1974   0.14  -0.14     0.22
  MONTH TO DATE    2.40                      3.38  -0.98     3.45
  SINCE MAR 1      3.17                      5.87  -2.70     4.18
  SINCE JAN 1      5.16                      8.05  -2.89     5.84

SNOWFALL (IN)
  YESTERDAY        0.0           0.2  1907   0.0    0.0      0.0
  MONTH TO DATE    0.0                       0.3   -0.3      0.1
  SINCE JAN 1      7.9                      11.3   -3.4     23.1
  SINCE JUL 1     10.3                      17.8   -7.5     27.4
  SNOW DEPTH       0

DEGREE DAYS
 HEATING
  YESTERDAY        7                         7      0       17
  MONTH TO DATE  222                       316    -94      297
  SINCE MAR 1    775                       944   -169     1007
  SINCE JUL 1   4776                      4911   -135     5329

 COOLING
  YESTERDAY        0                         1     -1        0
  MONTH TO DATE    5                        22    -17       23
  SINCE MAR 1      5                        25    -20       23
  SINCE JAN 1      5                        25    -20       23
..................................................................


WIND (MPH)
  HIGHEST WIND SPEED    18   HIGHEST WIND DIRECTION     N (340)
  HIGHEST GUST SPEED    23   HIGHEST GUST DIRECTION     W (290)
  AVERAGE WIND SPEED     5.9


SKY COVER
  AVERAGE SKY COVER 0.0


WEATHER CONDITIONS
 THE FOLLOWING WEATHER WAS RECORDED YESTERDAY.
  NO SIGNIFICANT WEATHER WAS OBSERVED.


RELATIVE HUMIDITY (PERCENT)
 HIGHEST    89           600 AM
 LOWEST     31           300 PM
 AVERAGE    60

..........................................................


THE TOPEKA KS CLIMATE NORMALS FOR TODAY
                         NORMAL    RECORD    YEAR
 MAXIMUM TEMPERATURE (F)   71        91      1936
 MINIMUM TEMPERATURE (F)   49        29      1903


SUNRISE AND SUNSET
APRIL 30 2015.........SUNRISE   626 AM CDT   SUNSET   814 PM CDT
MAY  1 2015...........SUNRISE   625 AM CDT   SUNSET   815 PM CDT


-  INDICATES NEGATIVE NUMBERS.
R  INDICATES RECORD WAS SET OR TIED.
MM INDICATES DATA IS MISSING.
T  INDICATES TRACE AMOUNT.




$$
