000
CDUS43 KTOP 270634
CLITOP


CLIMATE REPORT
NATIONAL WEATHER SERVICE TOPEKA KS
133 AM CDT MON APR 27 2015


...................................

...THE TOPEKA KS CLIMATE SUMMARY FOR APRIL 26 2015...

CLIMATE NORMAL PERIOD 1981 TO 2010
CLIMATE RECORD PERIOD 1887 TO 2015


WEATHER ITEM   OBSERVED TIME   RECORD YEAR NORMAL DEPARTURE LAST
                VALUE   (LST)  VALUE       VALUE  FROM      YEAR
                                                  NORMAL
..................................................................
TEMPERATURE (F)
 YESTERDAY
  MAXIMUM         62    551 PM  94    1989  70     -8       79
  MINIMUM         45   1159 PM  31    1950  47     -2       62
  AVERAGE         54                        59     -5       71

PRECIPITATION (IN)
  YESTERDAY        0.00          3.24 1969   0.14  -0.14     0.00
  MONTH TO DATE    2.40                      2.96  -0.56     2.72
  SINCE MAR 1      3.17                      5.45  -2.28     3.45
  SINCE JAN 1      5.16                      7.63  -2.47     5.11

SNOWFALL (IN)
  YESTERDAY        0.0           T    1937   0.0    0.0      0.0
  MONTH TO DATE    0.0                       0.3   -0.3      0.1
  SINCE JAN 1      7.9                      11.3   -3.4     23.1
  SINCE JUL 1     10.3                      17.8   -7.5     27.4
  SNOW DEPTH       0

DEGREE DAYS
 HEATING
  YESTERDAY       11                         8      3        0
  MONTH TO DATE  196                       295    -99      271
  SINCE MAR 1    749                       923   -174      981
  SINCE JUL 1   4750                      4890   -140     5303

 COOLING
  YESTERDAY        0                         1     -1        6
  MONTH TO DATE    5                        19    -14       18
  SINCE MAR 1      5                        22    -17       18
  SINCE JAN 1      5                        22    -17       18
..................................................................


WIND (MPH)
  HIGHEST WIND SPEED    18   HIGHEST WIND DIRECTION    NE (60)
  HIGHEST GUST SPEED    23   HIGHEST GUST DIRECTION     E (80)
  AVERAGE WIND SPEED    10.4


SKY COVER
  AVERAGE SKY COVER 0.7


WEATHER CONDITIONS
 THE FOLLOWING WEATHER WAS RECORDED YESTERDAY.
  FOG
  HAZE


RELATIVE HUMIDITY (PERCENT)
 HIGHEST    86          1200 AM
 LOWEST     47           700 PM
 AVERAGE    67

..........................................................


THE TOPEKA KS CLIMATE NORMALS FOR TODAY
                         NORMAL    RECORD    YEAR
 MAXIMUM TEMPERATURE (F)   70        93      1956
 MINIMUM TEMPERATURE (F)   48        30      1967


SUNRISE AND SUNSET
APRIL 27 2015.........SUNRISE   630 AM CDT   SUNSET   811 PM CDT
APRIL 28 2015.........SUNRISE   628 AM CDT   SUNSET   812 PM CDT


-  INDICATES NEGATIVE NUMBERS.
R  INDICATES RECORD WAS SET OR TIED.
MM INDICATES DATA IS MISSING.
T  INDICATES TRACE AMOUNT.




$$
