000
CDUS43 KTOP 100642
CLITOP


CLIMATE REPORT
NATIONAL WEATHER SERVICE TOPEKA KS
142 AM CDT FRI APR 10 2015


...................................

...THE TOPEKA KS CLIMATE SUMMARY FOR APRIL 9 2015...

CLIMATE NORMAL PERIOD 1981 TO 2010
CLIMATE RECORD PERIOD 1887 TO 2015


WEATHER ITEM   OBSERVED TIME   RECORD YEAR NORMAL DEPARTURE LAST
                VALUE   (LST)  VALUE       VALUE  FROM      YEAR
                                                  NORMAL
..................................................................
TEMPERATURE (F)
 YESTERDAY
  MAXIMUM         72    916 AM  93    1930  65      7       82
  MINIMUM         41   1159 PM  23    2003  41      0       31
                                      1892
  AVERAGE         57                        53      4       57

PRECIPITATION (IN)
  YESTERDAY        0.01          2.07 1949   0.11  -0.10     0.00
  MONTH TO DATE    0.20                      0.93  -0.73     0.28
  SINCE MAR 1      0.97                      3.42  -2.45     1.01
  SINCE JAN 1      2.96                      5.60  -2.64     2.67

SNOWFALL (IN)
  YESTERDAY        0.0           1.0  1956   0.0    0.0      0.0
  MONTH TO DATE    0.0                       0.2   -0.2      0.0
  SINCE JAN 1      7.9                      11.2   -3.3     23.0
  SINCE JUL 1     10.3                      17.7   -7.4     27.3
  SNOW DEPTH       0

DEGREE DAYS
 HEATING
  YESTERDAY        8                        13     -5        8
  MONTH TO DATE   67                       125    -58      144
  SINCE MAR 1    620                       753   -133      854
  SINCE JUL 1   4621                      4720    -99     5176

 COOLING
  YESTERDAY        0                         1     -1        0
  MONTH TO DATE    5                         2      3        0
  SINCE MAR 1      5                         5      0        0
  SINCE JAN 1      5                         5      0        0
..................................................................


WIND (MPH)
  HIGHEST WIND SPEED    29   HIGHEST WIND DIRECTION     W (270)
  HIGHEST GUST SPEED    40   HIGHEST GUST DIRECTION     W (270)
  AVERAGE WIND SPEED    15.5


SKY COVER
  AVERAGE SKY COVER 0.7


WEATHER CONDITIONS
 THE FOLLOWING WEATHER WAS RECORDED YESTERDAY.
  THUNDERSTORM
  LIGHT RAIN


RELATIVE HUMIDITY (PERCENT)
 HIGHEST    86          1000 AM
 LOWEST     59           400 PM
 AVERAGE    73

..........................................................


THE TOPEKA KS CLIMATE NORMALS FOR TODAY
                         NORMAL    RECORD    YEAR
 MAXIMUM TEMPERATURE (F)   65        92      1930
 MINIMUM TEMPERATURE (F)   41        25      1989


SUNRISE AND SUNSET
APRIL 10 2015.........SUNRISE   654 AM CDT   SUNSET   755 PM CDT
APRIL 11 2015.........SUNRISE   652 AM CDT   SUNSET   756 PM CDT


-  INDICATES NEGATIVE NUMBERS.
R  INDICATES RECORD WAS SET OR TIED.
MM INDICATES DATA IS MISSING.
T  INDICATES TRACE AMOUNT.




$$
